Last updated on 2017-09-26 01:47:21.
Flavor | Version | Tinstall | Tcheck | Ttotal | Status | Flags |
---|---|---|---|---|---|---|
r-devel-linux-x86_64-debian-clang | 0.4.3 | 56.34 | 34.12 | 90.46 | NOTE | |
r-devel-linux-x86_64-debian-gcc | 0.4.3 | 43.30 | 33.09 | 76.40 | NOTE | |
r-devel-linux-x86_64-fedora-clang | 0.4.3 | 161.24 | NOTE | |||
r-devel-linux-x86_64-fedora-gcc | 0.4.3 | 148.23 | NOTE | |||
r-devel-windows-ix86+x86_64 | 0.4.3 | 115.00 | 98.00 | 213.00 | OK | |
r-patched-linux-x86_64 | 0.4.3 | 42.64 | 33.57 | 76.21 | NOTE | |
r-patched-solaris-x86 | 0.4.3 | 166.50 | OK | |||
r-release-linux-x86_64 | 0.4.3 | 42.71 | 33.62 | 76.32 | NOTE | |
r-release-windows-ix86+x86_64 | 0.4.3 | 123.00 | 96.00 | 219.00 | OK | |
r-release-osx-x86_64 | 0.4.3 | OK | ||||
r-oldrel-windows-ix86+x86_64 | 0.4.3 | 140.00 | 92.00 | 232.00 | OK | |
r-oldrel-osx-x86_64 | 0.4.3 | OK |
Version: 0.4.3
Check: compiled code
Result: NOTE
File ‘gogamer/libs/gogamer.so’:
Found no calls to: ‘R_registerRoutines’, ‘R_useDynamicSymbols’
It is good practice to register native routines and to disable symbol
search.
See ‘Writing portable packages’ in the ‘Writing R Extensions’ manual.
Flavors: r-devel-linux-x86_64-debian-clang, r-devel-linux-x86_64-debian-gcc, r-devel-linux-x86_64-fedora-clang, r-devel-linux-x86_64-fedora-gcc, r-patched-linux-x86_64, r-release-linux-x86_64