CRAN Package Check Results for Package grattan

Last updated on 2017-09-26 01:47:21.

Flavor Version Tinstall Tcheck Ttotal Status Flags
r-devel-linux-x86_64-debian-clang 1.5.1.2 27.24 151.49 178.74 NOTE
r-devel-linux-x86_64-debian-gcc 1.5.1.2 20.02 154.26 174.28 NOTE
r-devel-linux-x86_64-fedora-clang 1.5.1.2 344.20 NOTE
r-devel-linux-x86_64-fedora-gcc 1.5.1.2 314.06 NOTE
r-devel-windows-ix86+x86_64 1.5.1.2 73.00 274.00 347.00 OK
r-patched-linux-x86_64 1.5.1.2 19.59 147.47 167.06 NOTE
r-patched-solaris-x86 1.5.1.2 420.80 OK
r-release-linux-x86_64 1.5.1.2 19.18 148.01 167.19 NOTE
r-release-windows-ix86+x86_64 1.5.1.2 60.00 257.00 317.00 OK
r-release-osx-x86_64 1.5.1.2 NOTE
r-oldrel-windows-ix86+x86_64 1.5.1.2 71.00 258.00 329.00 OK
r-oldrel-osx-x86_64 1.5.1.2 NOTE

Check Details

Version: 1.5.1.2
Check: package dependencies
Result: NOTE
    Package suggested but not available for checking: ‘taxstats’
Flavors: r-devel-linux-x86_64-debian-clang, r-devel-linux-x86_64-debian-gcc, r-devel-linux-x86_64-fedora-clang, r-devel-linux-x86_64-fedora-gcc, r-patched-linux-x86_64, r-release-linux-x86_64, r-release-osx-x86_64, r-oldrel-osx-x86_64