CRAN Package Check Results for Package gridBase

Last updated on 2017-09-26 01:47:21.

Flavor Version Tinstall Tcheck Ttotal Status Flags
r-devel-linux-x86_64-debian-clang 0.4-7 0.74 16.32 17.05 NOTE
r-devel-linux-x86_64-debian-gcc 0.4-7 0.67 16.21 16.88 NOTE
r-devel-linux-x86_64-fedora-clang 0.4-7 25.86 NOTE
r-devel-linux-x86_64-fedora-gcc 0.4-7 24.32 NOTE
r-devel-windows-ix86+x86_64 0.4-7 5.00 37.00 42.00 NOTE
r-patched-linux-x86_64 0.4-7 0.61 15.87 16.48 NOTE
r-patched-solaris-x86 0.4-7 34.40 NOTE
r-release-linux-x86_64 0.4-7 0.68 15.86 16.54 NOTE
r-release-windows-ix86+x86_64 0.4-7 2.00 39.00 41.00 NOTE
r-release-osx-x86_64 0.4-7 NOTE
r-oldrel-windows-ix86+x86_64 0.4-7 3.00 33.00 36.00 NOTE
r-oldrel-osx-x86_64 0.4-7 NOTE

Check Details

Version: 0.4-7
Check: DESCRIPTION meta-information
Result: NOTE
    Malformed Description field: should contain one or more complete sentences.
Flavors: r-devel-linux-x86_64-debian-clang, r-devel-linux-x86_64-debian-gcc, r-devel-linux-x86_64-fedora-clang, r-devel-linux-x86_64-fedora-gcc, r-devel-windows-ix86+x86_64, r-patched-linux-x86_64, r-patched-solaris-x86, r-release-linux-x86_64, r-release-windows-ix86+x86_64, r-release-osx-x86_64, r-oldrel-windows-ix86+x86_64, r-oldrel-osx-x86_64