Last updated on 2017-09-26 01:47:22.
Flavor | Version | Tinstall | Tcheck | Ttotal | Status | Flags |
---|---|---|---|---|---|---|
r-devel-linux-x86_64-debian-clang | 0.13 | 139.80 | 88.82 | 228.62 | NOTE | |
r-devel-linux-x86_64-debian-gcc | 0.13 | 119.29 | 81.11 | 200.39 | NOTE | |
r-devel-linux-x86_64-fedora-clang | 0.13 | 397.48 | NOTE | |||
r-devel-linux-x86_64-fedora-gcc | 0.13 | 398.07 | NOTE | |||
r-devel-windows-ix86+x86_64 | 0.13 | 262.00 | 215.00 | 477.00 | OK | |
r-patched-linux-x86_64 | 0.13 | 115.29 | 83.66 | 198.95 | NOTE | |
r-patched-solaris-x86 | 0.13 | 429.00 | OK | |||
r-release-linux-x86_64 | 0.13 | 115.25 | 85.06 | 200.31 | NOTE | |
r-release-windows-ix86+x86_64 | 0.13 | 282.00 | 202.00 | 484.00 | OK | |
r-release-osx-x86_64 | 0.13 | NOTE | ||||
r-oldrel-windows-ix86+x86_64 | 0.13 | 315.00 | 210.00 | 525.00 | OK | |
r-oldrel-osx-x86_64 | 0.13 | NOTE |
Version: 0.13
Check: compiled code
Result: NOTE
File ‘growfunctions/libs/growfunctions.so’:
Found no calls to: ‘R_registerRoutines’, ‘R_useDynamicSymbols’
It is good practice to register native routines and to disable symbol
search.
See ‘Writing portable packages’ in the ‘Writing R Extensions’ manual.
Flavors: r-devel-linux-x86_64-debian-clang, r-devel-linux-x86_64-debian-gcc, r-devel-linux-x86_64-fedora-clang, r-devel-linux-x86_64-fedora-gcc, r-patched-linux-x86_64, r-release-linux-x86_64
Version: 0.13
Check: installed package size
Result: NOTE
installed size is 11.0Mb
sub-directories of 1Mb or more:
libs 10.6Mb
Flavors: r-devel-linux-x86_64-fedora-clang, r-devel-linux-x86_64-fedora-gcc, r-release-osx-x86_64, r-oldrel-osx-x86_64