Last updated on 2017-09-26 01:47:22.
Flavor | Version | Tinstall | Tcheck | Ttotal | Status | Flags |
---|---|---|---|---|---|---|
r-devel-linux-x86_64-debian-clang | 1.1.0 | 3.59 | 50.95 | 54.54 | NOTE | |
r-devel-linux-x86_64-debian-gcc | 1.1.0 | 3.79 | 49.42 | 53.21 | NOTE | |
r-devel-linux-x86_64-fedora-clang | 1.1.0 | 131.79 | NOTE | |||
r-devel-linux-x86_64-fedora-gcc | 1.1.0 | 124.54 | NOTE | |||
r-devel-windows-ix86+x86_64 | 1.1.0 | 11.00 | 89.00 | 100.00 | NOTE | |
r-patched-linux-x86_64 | 1.1.0 | 3.85 | 51.81 | 55.66 | NOTE | |
r-patched-solaris-x86 | 1.1.0 | 179.30 | NOTE | |||
r-release-linux-x86_64 | 1.1.0 | 3.90 | 51.83 | 55.73 | NOTE | |
r-release-windows-ix86+x86_64 | 1.1.0 | 12.00 | 82.00 | 94.00 | NOTE | |
r-release-osx-x86_64 | 1.1.0 | NOTE | ||||
r-oldrel-windows-ix86+x86_64 | 1.1.0 | 13.00 | 89.00 | 102.00 | NOTE | |
r-oldrel-osx-x86_64 | 1.1.0 | NOTE |
Version: 1.1.0
Check: R code for possible problems
Result: NOTE
binding: no visible global function definition for ‘rnorm’
binding: no visible binding for global variable ‘var’
binding: no visible global function definition for ‘uniroot’
equivonly: no visible global function definition for ‘rnorm’
equivonly: no visible binding for global variable ‘var’
equivonly: no visible global function definition for ‘uniroot’
figureE: no visible global function definition for ‘rgb’
figureEF: no visible global function definition for ‘rgb’
nfix : f: no visible global function definition for ‘pnorm’
nfix : f: no visible global function definition for ‘qnorm’
nfix: no visible global function definition for ‘uniroot’
nonbinding: no visible global function definition for ‘rnorm’
nonbinding: no visible binding for global variable ‘var’
nonbinding: no visible global function definition for ‘uniroot’
oc: no visible global function definition for ‘rnorm’
oc: no visible global function definition for ‘var’
Undefined global functions or variables:
pnorm qnorm rgb rnorm uniroot var
Consider adding
importFrom("grDevices", "rgb")
importFrom("stats", "pnorm", "qnorm", "rnorm", "uniroot", "var")
to your NAMESPACE file.
Flavors: r-devel-linux-x86_64-debian-clang, r-devel-linux-x86_64-debian-gcc, r-devel-linux-x86_64-fedora-clang, r-devel-linux-x86_64-fedora-gcc, r-devel-windows-ix86+x86_64, r-patched-linux-x86_64, r-patched-solaris-x86, r-release-linux-x86_64, r-release-windows-ix86+x86_64, r-release-osx-x86_64, r-oldrel-windows-ix86+x86_64, r-oldrel-osx-x86_64