Last updated on 2017-09-26 01:47:22.
Flavor | Version | Tinstall | Tcheck | Ttotal | Status | Flags |
---|---|---|---|---|---|---|
r-devel-linux-x86_64-debian-clang | 0.1.2 | 5.76 | 34.09 | 39.85 | OK | |
r-devel-linux-x86_64-debian-gcc | 0.1.2 | 5.40 | 32.88 | 38.27 | OK | |
r-devel-linux-x86_64-fedora-clang | 0.1.2 | 68.49 | NOTE | |||
r-devel-linux-x86_64-fedora-gcc | 0.1.2 | 67.75 | NOTE | |||
r-devel-windows-ix86+x86_64 | 0.1.2 | 12.00 | 64.00 | 76.00 | NOTE | |
r-patched-linux-x86_64 | 0.1.2 | 5.54 | 34.22 | 39.76 | OK | |
r-patched-solaris-x86 | 0.1.2 | 107.50 | NOTE | |||
r-release-linux-x86_64 | 0.1.2 | 5.80 | 33.85 | 39.65 | OK | |
r-release-windows-ix86+x86_64 | 0.1.2 | 14.00 | 62.00 | 76.00 | NOTE | |
r-release-osx-x86_64 | 0.1.2 | NOTE | ||||
r-oldrel-windows-ix86+x86_64 | 0.1.2 | 13.00 | 61.00 | 74.00 | NOTE | |
r-oldrel-osx-x86_64 | 0.1.2 | NOTE |
Version: 0.1.2
Check: installed package size
Result: NOTE
installed size is 9.7Mb
sub-directories of 1Mb or more:
data 9.4Mb
Flavors: r-devel-linux-x86_64-fedora-clang, r-devel-linux-x86_64-fedora-gcc, r-devel-windows-ix86+x86_64, r-patched-solaris-x86, r-release-windows-ix86+x86_64, r-release-osx-x86_64, r-oldrel-windows-ix86+x86_64, r-oldrel-osx-x86_64