Last updated on 2017-09-26 01:47:22.
Flavor | Version | Tinstall | Tcheck | Ttotal | Status | Flags |
---|---|---|---|---|---|---|
r-devel-linux-x86_64-debian-clang | 1.1.0 | 29.40 | 22.26 | 51.66 | NOTE | |
r-devel-linux-x86_64-debian-gcc | 1.1.0 | 23.84 | 21.40 | 45.25 | NOTE | |
r-devel-linux-x86_64-fedora-clang | 1.1.0 | 87.70 | NOTE | |||
r-devel-linux-x86_64-fedora-gcc | 1.1.0 | 80.05 | NOTE | |||
r-devel-windows-ix86+x86_64 | 1.1.0 | 87.00 | 70.00 | 157.00 | NOTE | |
r-patched-linux-x86_64 | 1.1.0 | 23.07 | 21.70 | 44.77 | NOTE | |
r-patched-solaris-x86 | 1.1.0 | 90.20 | NOTE | |||
r-release-linux-x86_64 | 1.1.0 | 23.11 | 21.92 | 45.03 | NOTE | |
r-release-windows-ix86+x86_64 | 1.1.0 | 91.00 | 69.00 | 160.00 | NOTE | |
r-release-osx-x86_64 | 1.1.0 | NOTE | ||||
r-oldrel-windows-ix86+x86_64 | 1.1.0 | 120.00 | 66.00 | 186.00 | NOTE | |
r-oldrel-osx-x86_64 | 1.1.0 | NOTE |
Version: 1.1.0
Check: for GNU extensions in Makefiles
Result: NOTE
GNU make is a SystemRequirements.
Flavors: r-devel-linux-x86_64-debian-clang, r-devel-linux-x86_64-debian-gcc, r-devel-linux-x86_64-fedora-clang, r-devel-linux-x86_64-fedora-gcc, r-devel-windows-ix86+x86_64, r-patched-linux-x86_64, r-patched-solaris-x86, r-release-linux-x86_64, r-release-windows-ix86+x86_64, r-release-osx-x86_64, r-oldrel-windows-ix86+x86_64, r-oldrel-osx-x86_64
Version: 1.1.0
Check: dependencies in R code
Result: NOTE
Namespace in Imports field not imported from: ‘hms’
All declared Imports should be used.
Flavors: r-devel-linux-x86_64-fedora-clang, r-devel-linux-x86_64-fedora-gcc, r-patched-solaris-x86, r-release-osx-x86_64, r-oldrel-osx-x86_64