CRAN Package Check Results for Package hnp

Last updated on 2017-09-26 01:47:22.

Flavor Version Tinstall Tcheck Ttotal Status Flags
r-devel-linux-x86_64-debian-clang 1.2-3 0.93 29.65 30.58 NOTE
r-devel-linux-x86_64-debian-gcc 1.2-3 0.75 28.73 29.48 NOTE
r-devel-linux-x86_64-fedora-clang 1.2-3 57.46 NOTE
r-devel-linux-x86_64-fedora-gcc 1.2-3 54.50 NOTE
r-devel-windows-ix86+x86_64 1.2-3 6.00 51.00 57.00 OK
r-patched-linux-x86_64 1.2-3 0.78 29.01 29.79 NOTE
r-patched-solaris-x86 1.2-3 70.60 NOTE
r-release-linux-x86_64 1.2-3 0.83 28.78 29.61 NOTE
r-release-windows-ix86+x86_64 1.2-3 2.00 50.00 52.00 OK
r-release-osx-x86_64 1.2-3 NOTE
r-oldrel-windows-ix86+x86_64 1.2-3 4.00 52.00 56.00 OK
r-oldrel-osx-x86_64 1.2-3 NOTE

Check Details

Version: 1.2-3
Check: package dependencies
Result: NOTE
    Package suggested but not available for checking: ‘glmmADMB’
Flavors: r-devel-linux-x86_64-debian-clang, r-devel-linux-x86_64-debian-gcc, r-devel-linux-x86_64-fedora-clang, r-devel-linux-x86_64-fedora-gcc, r-patched-linux-x86_64, r-patched-solaris-x86, r-release-linux-x86_64, r-release-osx-x86_64, r-oldrel-osx-x86_64