Last updated on 2017-09-26 01:47:22.
Flavor | Version | Tinstall | Tcheck | Ttotal | Status | Flags |
---|---|---|---|---|---|---|
r-devel-linux-x86_64-debian-clang | 2.4 | 1.74 | 35.01 | 36.74 | OK | |
r-devel-linux-x86_64-debian-gcc | 2.4 | 1.79 | 34.10 | 35.89 | OK | |
r-devel-linux-x86_64-fedora-clang | 2.4 | 73.30 | OK | |||
r-devel-linux-x86_64-fedora-gcc | 2.4 | 70.02 | OK | |||
r-devel-windows-ix86+x86_64 | 2.4 | 9.00 | 68.00 | 77.00 | OK | |
r-patched-linux-x86_64 | 2.4 | 1.71 | 35.12 | 36.83 | OK | |
r-patched-solaris-x86 | 2.4 | 98.90 | OK | |||
r-release-linux-x86_64 | 2.4 | 1.67 | 34.84 | 36.51 | OK | |
r-release-windows-ix86+x86_64 | 2.4 | 6.00 | 71.00 | 77.00 | OK | |
r-release-osx-x86_64 | 2.4 | ERROR | ||||
r-oldrel-windows-ix86+x86_64 | 2.4 | 8.00 | 61.00 | 69.00 | OK | |
r-oldrel-osx-x86_64 | 2.4 | OK |
Version: 2.4
Check: package dependencies
Result: ERROR
Package required but not available: ‘Rgraphviz’
See section ‘The DESCRIPTION file’ in the ‘Writing R Extensions’
manual.
Flavor: r-release-osx-x86_64