CRAN Package Check Results for Package httptest

Last updated on 2017-09-26 01:47:23.

Flavor Version Tinstall Tcheck Ttotal Status Flags
r-devel-linux-x86_64-debian-clang 2.1.2 0.90 20.53 21.42 OK
r-devel-linux-x86_64-debian-gcc 2.1.2 0.92 20.15 21.06 OK
r-devel-linux-x86_64-fedora-clang 2.1.2 35.20 OK
r-devel-linux-x86_64-fedora-gcc 2.1.2 33.31 OK
r-devel-windows-ix86+x86_64 2.1.2 3.00 39.00 42.00 ERROR
r-patched-linux-x86_64 2.1.2 0.93 20.14 21.07 OK
r-patched-solaris-x86 2.1.2 47.80 OK
r-release-linux-x86_64 2.1.2 0.99 20.35 21.34 OK
r-release-windows-ix86+x86_64 2.1.2 3.00 39.00 42.00 OK
r-release-osx-x86_64 2.1.2 OK
r-oldrel-windows-ix86+x86_64 2.1.2 4.00 37.00 41.00 OK
r-oldrel-osx-x86_64 2.1.2 OK

Check Details

Version: 2.1.2
Check: tests
Result: ERROR
     Running 'testthat.R' [4s]
    Running the tests in 'tests/testthat.R' failed.
    Last 13 lines of output:
     3: eval(expression, parent.frame())
     4: eval(expression, parent.frame())
     5: eval.parent(expr)
     6: eval(expr, p)
     7: GET("http://httpbin.org") at testthat/test-capture-requests.R:42
     8: request_perform(req, hu$handle$handle)
     9: source(mockfile)
    
     testthat results ================================================================
     OK: 145 SKIPPED: 2 FAILED: 2
     1. Error: We can record a series of requests (@test-capture-requests.R#26)
     2. Error: We can then load the mocks it stores (@test-capture-requests.R#40)
    
     Error: testthat unit tests failed
     Execution halted
Flavor: r-devel-windows-ix86+x86_64