Last updated on 2017-09-26 01:47:23.
Flavor | Version | Tinstall | Tcheck | Ttotal | Status | Flags |
---|---|---|---|---|---|---|
r-devel-linux-x86_64-debian-clang | 2.2 | 159.74 | 71.83 | 231.57 | OK | |
r-devel-linux-x86_64-debian-gcc | 2.2 | 130.78 | 73.65 | 204.43 | OK | |
r-devel-linux-x86_64-fedora-clang | 2.2 | 417.32 | NOTE | |||
r-devel-linux-x86_64-fedora-gcc | 2.2 | 390.11 | NOTE | |||
r-devel-windows-ix86+x86_64 | 2.2 | 336.00 | 179.00 | 515.00 | NOTE | |
r-patched-linux-x86_64 | 2.2 | 128.27 | 75.06 | 203.33 | OK | |
r-patched-solaris-x86 | 2.2 | 465.90 | NOTE | |||
r-release-linux-x86_64 | 2.2 | 129.46 | 78.49 | 207.95 | OK | |
r-release-windows-ix86+x86_64 | 2.2 | 336.00 | 195.00 | 531.00 | NOTE | |
r-release-osx-x86_64 | 2.2 | NOTE | ||||
r-oldrel-windows-ix86+x86_64 | 2.2 | 440.00 | 197.00 | 637.00 | NOTE | |
r-oldrel-osx-x86_64 | 2.2 | NOTE |
Version: 2.2
Check: installed package size
Result: NOTE
installed size is 15.9Mb
sub-directories of 1Mb or more:
R 1.5Mb
data 1.3Mb
doc 2.2Mb
libs 10.5Mb
Flavors: r-devel-linux-x86_64-fedora-clang, r-devel-linux-x86_64-fedora-gcc, r-devel-windows-ix86+x86_64, r-patched-solaris-x86, r-release-windows-ix86+x86_64, r-release-osx-x86_64, r-oldrel-windows-ix86+x86_64, r-oldrel-osx-x86_64
Version: 2.2
Check: data for non-ASCII characters
Result: NOTE
Note: found 55 marked UTF-8 strings
Flavors: r-devel-linux-x86_64-fedora-clang, r-devel-linux-x86_64-fedora-gcc, r-patched-solaris-x86, r-release-osx-x86_64, r-oldrel-osx-x86_64
Version: 2.2
Check: package dependencies
Result: NOTE
Package suggested but not available for checking: ‘RODBC’
Flavor: r-oldrel-osx-x86_64