Last updated on 2017-09-26 01:47:23.
Flavor | Version | Tinstall | Tcheck | Ttotal | Status | Flags |
---|---|---|---|---|---|---|
r-devel-linux-x86_64-debian-clang | 1.4-1 | 2.56 | 99.29 | 101.85 | OK | |
r-devel-linux-x86_64-debian-gcc | 1.4-1 | 3.08 | 93.52 | 96.59 | OK | |
r-devel-linux-x86_64-fedora-clang | 1.4-1 | 188.35 | OK | |||
r-devel-linux-x86_64-fedora-gcc | 1.4-1 | 191.02 | OK | |||
r-devel-windows-ix86+x86_64 | 1.4-1 | 6.00 | 147.00 | 153.00 | OK | |
r-patched-linux-x86_64 | 1.4-1 | 2.66 | 96.84 | 99.50 | OK | |
r-patched-solaris-x86 | 1.4-1 | 349.10 | OK | |||
r-release-linux-x86_64 | 1.4-1 | 2.57 | 96.87 | 99.44 | OK | |
r-release-windows-ix86+x86_64 | 1.4-1 | 8.00 | 148.00 | 156.00 | OK | |
r-release-osx-x86_64 | 1.4-1 | NOTE | ||||
r-oldrel-windows-ix86+x86_64 | 1.4-1 | 11.00 | 129.00 | 140.00 | OK | |
r-oldrel-osx-x86_64 | 1.4-1 | OK |
Version: 1.4-1
Check: package dependencies
Result: NOTE
Package which this enhances but not available for checking: ‘psgp’
Flavor: r-release-osx-x86_64