CRAN Package Check Results for Package io

Last updated on 2017-09-26 01:47:23.

Flavor Version Tinstall Tcheck Ttotal Status Flags
r-devel-linux-x86_64-debian-clang 0.2.4 0.92 17.08 18.00 OK
r-devel-linux-x86_64-debian-gcc 0.2.4 0.74 16.49 17.24 OK
r-devel-linux-x86_64-fedora-clang 0.2.4 30.57 OK
r-devel-linux-x86_64-fedora-gcc 0.2.4 31.04 OK
r-devel-windows-ix86+x86_64 0.2.4 3.00 33.00 36.00 OK
r-patched-linux-x86_64 0.2.4 0.66 16.70 17.36 OK
r-patched-solaris-x86 0.2.4 40.90 OK
r-release-linux-x86_64 0.2.4 0.69 16.75 17.44 OK
r-release-windows-ix86+x86_64 0.2.4 3.00 30.00 33.00 OK
r-release-osx-x86_64 0.2.4 NOTE
r-oldrel-windows-ix86+x86_64 0.2.4 3.00 32.00 35.00 OK
r-oldrel-osx-x86_64 0.2.4 OK

Check Details

Version: 0.2.4
Check: package dependencies
Result: NOTE
    Package suggested but not available for checking: ‘rhdf5’
Flavor: r-release-osx-x86_64