CRAN Package Check Results for Package jSonarR

Last updated on 2017-09-26 01:47:24.

Flavor Version Tinstall Tcheck Ttotal Status Flags
r-devel-linux-x86_64-debian-clang 1.1.1 0.94 15.66 16.60 NOTE
r-devel-linux-x86_64-debian-gcc 1.1.1 0.88 15.34 16.22 NOTE
r-devel-linux-x86_64-fedora-clang 1.1.1 30.02 NOTE
r-devel-linux-x86_64-fedora-gcc 1.1.1 28.98 NOTE
r-devel-windows-ix86+x86_64 1.1.1 4.00 36.00 40.00 NOTE
r-patched-linux-x86_64 1.1.1 1.01 15.36 16.37 NOTE
r-patched-solaris-x86 1.1.1 41.70 NOTE
r-release-linux-x86_64 1.1.1 0.97 15.61 16.58 NOTE
r-release-windows-ix86+x86_64 1.1.1 3.00 34.00 37.00 NOTE
r-release-osx-x86_64 1.1.1 NOTE
r-oldrel-windows-ix86+x86_64 1.1.1 5.00 33.00 38.00 NOTE
r-oldrel-osx-x86_64 1.1.1 NOTE

Check Details

Version: 1.1.1
Check: R code for possible problems
Result: NOTE
    sonarCSV: no visible global function definition for ‘read.csv’
    Undefined global functions or variables:
     read.csv
    Consider adding
     importFrom("utils", "read.csv")
    to your NAMESPACE file.
Flavors: r-devel-linux-x86_64-debian-clang, r-devel-linux-x86_64-debian-gcc, r-devel-linux-x86_64-fedora-clang, r-devel-linux-x86_64-fedora-gcc, r-devel-windows-ix86+x86_64, r-patched-linux-x86_64, r-patched-solaris-x86, r-release-linux-x86_64, r-release-windows-ix86+x86_64, r-release-osx-x86_64, r-oldrel-windows-ix86+x86_64, r-oldrel-osx-x86_64