Last updated on 2017-09-26 01:47:24.
Flavor | Version | Tinstall | Tcheck | Ttotal | Status | Flags |
---|---|---|---|---|---|---|
r-devel-linux-x86_64-debian-clang | 0.1-8 | 1.39 | 11.51 | 12.90 | NOTE | |
r-devel-linux-x86_64-debian-gcc | 0.1-8 | 1.36 | 11.46 | 12.81 | NOTE | |
r-devel-linux-x86_64-fedora-clang | 0.1-8 | 20.51 | NOTE | |||
r-devel-linux-x86_64-fedora-gcc | 0.1-8 | 19.90 | NOTE | |||
r-devel-windows-ix86+x86_64 | 0.1-8 | 14.00 | 31.00 | 45.00 | OK | |
r-patched-linux-x86_64 | 0.1-8 | 1.38 | 11.46 | 12.83 | NOTE | |
r-patched-solaris-x86 | 0.1-8 | 32.10 | OK | |||
r-release-linux-x86_64 | 0.1-8 | 1.42 | 11.31 | 12.72 | NOTE | |
r-release-windows-ix86+x86_64 | 0.1-8 | 7.00 | 31.00 | 38.00 | OK | |
r-release-osx-x86_64 | 0.1-8 | OK | ||||
r-oldrel-windows-ix86+x86_64 | 0.1-8 | 17.00 | 26.00 | 43.00 | OK | |
r-oldrel-osx-x86_64 | 0.1-8 | OK |
Version: 0.1-8
Check: compiled code
Result: NOTE
File ‘jpeg/libs/jpeg.so’:
Found no calls to: ‘R_registerRoutines’, ‘R_useDynamicSymbols’
It is good practice to register native routines and to disable symbol
search.
See ‘Writing portable packages’ in the ‘Writing R Extensions’ manual.
Flavors: r-devel-linux-x86_64-debian-clang, r-devel-linux-x86_64-debian-gcc, r-devel-linux-x86_64-fedora-clang, r-devel-linux-x86_64-fedora-gcc, r-patched-linux-x86_64, r-release-linux-x86_64