CRAN Package Check Results for Package jqr

Last updated on 2017-09-26 01:47:24.

Flavor Version Tinstall Tcheck Ttotal Status Flags
r-devel-linux-x86_64-debian-clang 0.2.4 17.75 21.04 38.80 NOTE
r-devel-linux-x86_64-debian-gcc 0.2.4 14.69 20.01 34.70 NOTE
r-devel-linux-x86_64-fedora-clang 0.2.4 63.75 NOTE
r-devel-linux-x86_64-fedora-gcc 0.2.4 62.14 NOTE
r-devel-windows-ix86+x86_64 0.2.4 86.00 61.00 147.00 OK
r-patched-linux-x86_64 0.2.4 18.53 20.43 38.96 NOTE
r-patched-solaris-x86 0.2.4 72.70 OK
r-release-linux-x86_64 0.2.4 14.28 20.69 34.97 NOTE
r-release-windows-ix86+x86_64 0.2.4 53.00 61.00 114.00 OK
r-release-osx-x86_64 0.2.4 OK
r-oldrel-windows-ix86+x86_64 0.2.4 74.00 54.00 128.00 OK
r-oldrel-osx-x86_64 0.2.4 OK

Check Details

Version: 0.2.4
Check: compiled code
Result: NOTE
    File ‘jqr/libs/jqr.so’:
     Found no calls to: ‘R_registerRoutines’, ‘R_useDynamicSymbols’
    
    It is good practice to register native routines and to disable symbol
    search.
    
    See ‘Writing portable packages’ in the ‘Writing R Extensions’ manual.
Flavors: r-devel-linux-x86_64-debian-clang, r-devel-linux-x86_64-debian-gcc, r-devel-linux-x86_64-fedora-clang, r-devel-linux-x86_64-fedora-gcc, r-patched-linux-x86_64, r-release-linux-x86_64