CRAN Package Check Results for Package lans2r

Last updated on 2017-09-26 01:47:24.

Flavor Version Tinstall Tcheck Ttotal Status Flags
r-devel-linux-x86_64-debian-clang 1.0.5 2.24 75.57 77.81 OK
r-devel-linux-x86_64-debian-gcc 1.0.5 2.22 71.06 73.27 OK
r-devel-linux-x86_64-fedora-clang 1.0.5 136.56 OK
r-devel-linux-x86_64-fedora-gcc 1.0.5 139.36 OK
r-devel-windows-ix86+x86_64 1.0.5 8.00 125.00 133.00 OK
r-patched-linux-x86_64 1.0.5 2.26 69.01 71.28 OK
r-patched-solaris-x86 1.0.5 175.30 NOTE
r-release-linux-x86_64 1.0.5 2.31 69.99 72.30 OK
r-release-windows-ix86+x86_64 1.0.5 7.00 112.00 119.00 OK
r-release-osx-x86_64 1.0.5 OK
r-oldrel-windows-ix86+x86_64 1.0.5 7.00 107.00 114.00 OK
r-oldrel-osx-x86_64 1.0.5 OK

Check Details

Version: 1.0.5
Check: installed package size
Result: NOTE
     installed size is 5.7Mb
     sub-directories of 1Mb or more:
     doc 2.5Mb
     extdata 3.1Mb
Flavor: r-patched-solaris-x86