Last updated on 2017-09-26 01:47:25.
Flavor | Version | Tinstall | Tcheck | Ttotal | Status | Flags |
---|---|---|---|---|---|---|
r-devel-linux-x86_64-debian-clang | 1.0.1 | 5.54 | 109.31 | 114.85 | OK | |
r-devel-linux-x86_64-debian-gcc | 1.0.1 | 5.49 | 107.12 | 112.61 | OK | |
r-devel-linux-x86_64-fedora-clang | 1.0.1 | 219.02 | OK | |||
r-devel-linux-x86_64-fedora-gcc | 1.0.1 | 230.50 | OK | |||
r-devel-windows-ix86+x86_64 | 1.0.1 | 17.00 | 168.00 | 185.00 | OK | |
r-patched-linux-x86_64 | 1.0.1 | 5.83 | 108.40 | 114.22 | OK | |
r-patched-solaris-x86 | 1.0.1 | 307.20 | OK | |||
r-release-linux-x86_64 | 1.0.1 | 5.74 | 106.70 | 112.44 | OK | |
r-release-windows-ix86+x86_64 | 1.0.1 | 15.00 | 166.00 | 181.00 | OK | |
r-release-osx-x86_64 | 1.0.1 | ERROR | ||||
r-oldrel-windows-ix86+x86_64 | 1.0.1 | 16.00 | 172.00 | 188.00 | OK | |
r-oldrel-osx-x86_64 | 1.0.1 | OK |
Version: 1.0.1
Check: package dependencies
Result: ERROR
Packages required but not available: ‘RBGL’ ‘qvalue’
See section ‘The DESCRIPTION file’ in the ‘Writing R Extensions’
manual.
Flavor: r-release-osx-x86_64