CRAN Package Check Results for Package leaflet

Last updated on 2017-09-26 01:47:25.

Flavor Version Tinstall Tcheck Ttotal Status Flags
r-devel-linux-x86_64-debian-clang 1.1.0 2.07 33.57 35.64 OK
r-devel-linux-x86_64-debian-gcc 1.1.0 1.97 33.66 35.63 OK
r-devel-linux-x86_64-fedora-clang 1.1.0 60.21 NOTE
r-devel-linux-x86_64-fedora-gcc 1.1.0 64.59 NOTE
r-devel-windows-ix86+x86_64 1.1.0 9.00 71.00 80.00 NOTE
r-patched-linux-x86_64 1.1.0 1.92 33.19 35.10 OK
r-patched-solaris-x86 1.1.0 85.60 NOTE
r-release-linux-x86_64 1.1.0 1.92 32.94 34.86 OK
r-release-windows-ix86+x86_64 1.1.0 9.00 70.00 79.00 NOTE
r-release-osx-x86_64 1.1.0 ERROR
r-oldrel-windows-ix86+x86_64 1.1.0 9.00 62.00 71.00 NOTE
r-oldrel-osx-x86_64 1.1.0 NOTE

Check Details

Version: 1.1.0
Check: installed package size
Result: NOTE
     installed size is 5.6Mb
     sub-directories of 1Mb or more:
     htmlwidgets 4.5Mb
Flavors: r-devel-linux-x86_64-fedora-clang, r-devel-linux-x86_64-fedora-gcc, r-devel-windows-ix86+x86_64, r-patched-solaris-x86, r-release-windows-ix86+x86_64, r-release-osx-x86_64, r-oldrel-windows-ix86+x86_64, r-oldrel-osx-x86_64

Version: 1.1.0
Check: data for non-ASCII characters
Result: NOTE
     Note: found 12 marked UTF-8 strings
Flavors: r-devel-linux-x86_64-fedora-clang, r-devel-linux-x86_64-fedora-gcc, r-patched-solaris-x86, r-release-osx-x86_64, r-oldrel-osx-x86_64

Version: 1.1.0
Check: package dependencies
Result: NOTE
    Packages suggested but not available for checking: ‘sf’ ‘rgdal’ ‘rgeos’
Flavor: r-release-osx-x86_64

Version: 1.1.0
Check: examples
Result: ERROR
    Running examples in ‘leaflet-Ex.R’ failed
    The error most likely occurred in:
    
    > ### Name: addRasterImage
    > ### Title: Add a raster image as a layer
    > ### Aliases: addRasterImage projectRasterForLeaflet
    >
    > ### ** Examples
    >
    > library(raster)
    Loading required package: sp
    >
    > r <- raster(xmn=-2.8, xmx=-2.79, ymn=54.04, ymx=54.05, nrows=30, ncols=30)
    > values(r) <- matrix(1:900, nrow(r), ncol(r), byrow = TRUE)
    > crs(r) <- CRS("+init=epsg:4326")
    >
    > leaflet() %>% addTiles() %>%
    + addRasterImage(r, colors = "Spectral", opacity = 0.8)
    Error in .requireRgdal() : package 'rgdal' is not available
    Calls: %>% ... projectRasterForLeaflet -> <Anonymous> -> .requireRgdal
    Execution halted
Flavor: r-release-osx-x86_64

Version: 1.1.0
Check: tests
Result: ERROR
     Running ‘test-all.R’ [3s/4s]
     Running ‘testthat.R’ [3s/5s]
    Running the tests in ‘tests/testthat.R’ failed.
    Complete output:
     > library(testthat)
     > library(leaflet)
     >
     > test_check("leaflet")
     Error in library(sf) : there is no package called 'sf'
     Calls: test_check ... with_reporter -> force -> source_file -> eval -> eval -> library
     testthat results ================================================================
     OK: 41 SKIPPED: 0 FAILED: 0
     Execution halted
Flavor: r-release-osx-x86_64