CRAN Package Check Results for Package lidR

Last updated on 2017-09-26 01:47:25.

Flavor Version Tinstall Tcheck Ttotal Status Flags
r-devel-linux-x86_64-debian-clang 1.3.1 56.57 107.36 163.93 OK
r-devel-linux-x86_64-debian-gcc 1.3.1 45.07 103.95 149.02 OK
r-devel-linux-x86_64-fedora-clang 1.3.1 296.90 NOTE
r-devel-linux-x86_64-fedora-gcc 1.3.1 190.87 NOTE
r-devel-windows-ix86+x86_64 1.3.1 124.00 260.00 384.00 OK
r-patched-linux-x86_64 1.3.1 46.61 109.60 156.21 OK
r-patched-solaris-x86 1.3.1 303.20 NOTE
r-release-linux-x86_64 1.3.1 44.51 102.58 147.10 OK
r-release-windows-ix86+x86_64 1.3.1 127.00 257.00 384.00 OK
r-release-osx-x86_64 1.3.1 NOTE
r-oldrel-windows-ix86+x86_64 1.3.1 141.00 257.00 398.00 OK
r-oldrel-osx-x86_64 1.3.1 NOTE

Check Details

Version: 1.3.1
Check: dependencies in R code
Result: NOTE
    Namespaces in Imports field not imported from:
     ‘Rcpp’ ‘memoise’
     All declared Imports should be used.
Flavors: r-devel-linux-x86_64-fedora-clang, r-devel-linux-x86_64-fedora-gcc, r-patched-solaris-x86, r-release-osx-x86_64, r-oldrel-osx-x86_64

Version: 1.3.1
Check: package dependencies
Result: NOTE
    Package suggested but not available for checking: ‘EBImage’
Flavors: r-patched-solaris-x86, r-release-osx-x86_64