CRAN Package Check Results for Package likert

Last updated on 2017-09-26 01:47:25.

Flavor Version Tinstall Tcheck Ttotal Status Flags
r-devel-linux-x86_64-debian-clang 1.3.5 1.65 31.00 32.66 OK
r-devel-linux-x86_64-debian-gcc 1.3.5 1.72 29.63 31.35 OK
r-devel-linux-x86_64-fedora-clang 1.3.5 52.64 NOTE
r-devel-linux-x86_64-fedora-gcc 1.3.5 55.26 NOTE
r-devel-windows-ix86+x86_64 1.3.5 6.00 58.00 64.00 OK
r-patched-linux-x86_64 1.3.5 1.90 30.48 32.38 OK
r-patched-solaris-x86 1.3.5 78.60 NOTE
r-release-linux-x86_64 1.3.5 1.89 29.73 31.62 OK
r-release-windows-ix86+x86_64 1.3.5 5.00 55.00 60.00 OK
r-release-osx-x86_64 1.3.5 NOTE
r-oldrel-windows-ix86+x86_64 1.3.5 5.00 54.00 59.00 OK
r-oldrel-osx-x86_64 1.3.5 NOTE

Check Details

Version: 1.3.5
Check: data for non-ASCII characters
Result: NOTE
     Note: found 7 marked UTF-8 strings
Flavors: r-devel-linux-x86_64-fedora-clang, r-devel-linux-x86_64-fedora-gcc, r-patched-solaris-x86, r-release-osx-x86_64, r-oldrel-osx-x86_64

Version: 1.3.5
Check: package dependencies
Result: NOTE
    Package suggested but not available for checking: ‘devtools’
Flavor: r-release-osx-x86_64