CRAN Package Check Results for Package lmtest

Last updated on 2017-09-26 01:47:25.

Flavor Version Tinstall Tcheck Ttotal Status Flags
r-devel-linux-x86_64-debian-clang 0.9-35 1.59 29.11 30.70 NOTE
r-devel-linux-x86_64-debian-gcc 0.9-35 1.46 28.19 29.66 NOTE
r-devel-linux-x86_64-fedora-clang 0.9-35 50.27 NOTE
r-devel-linux-x86_64-fedora-gcc 0.9-35 53.38 NOTE
r-devel-windows-ix86+x86_64 0.9-35 10.00 75.00 85.00 OK
r-patched-linux-x86_64 0.9-35 1.41 28.17 29.58 NOTE
r-patched-solaris-x86 0.9-35 67.80 OK
r-release-linux-x86_64 0.9-35 1.48 28.48 29.97 NOTE
r-release-windows-ix86+x86_64 0.9-35 7.00 69.00 76.00 OK
r-release-osx-x86_64 0.9-35 OK
r-oldrel-windows-ix86+x86_64 0.9-35 10.00 64.00 74.00 OK
r-oldrel-osx-x86_64 0.9-35 OK

Check Details

Version: 0.9-35
Check: compiled code
Result: NOTE
    File ‘lmtest/libs/lmtest.so’:
     Found no calls to: ‘R_registerRoutines’, ‘R_useDynamicSymbols’
    
    It is good practice to register native routines and to disable symbol
    search.
    
    See ‘Writing portable packages’ in the ‘Writing R Extensions’ manual.
Flavors: r-devel-linux-x86_64-debian-clang, r-devel-linux-x86_64-debian-gcc, r-devel-linux-x86_64-fedora-clang, r-devel-linux-x86_64-fedora-gcc, r-patched-linux-x86_64, r-release-linux-x86_64