Last updated on 2017-09-26 01:47:25.
Flavor | Version | Tinstall | Tcheck | Ttotal | Status | Flags |
---|---|---|---|---|---|---|
r-devel-linux-x86_64-debian-clang | 1.7.3 | 1.68 | 32.18 | 33.86 | NOTE | |
r-devel-linux-x86_64-debian-gcc | 1.7.3 | 1.54 | 30.98 | 32.52 | NOTE | |
r-devel-linux-x86_64-fedora-clang | 1.7.3 | 56.01 | NOTE | |||
r-devel-linux-x86_64-fedora-gcc | 1.7.3 | 57.29 | NOTE | |||
r-devel-windows-ix86+x86_64 | 1.7.3 | 7.00 | 70.00 | 77.00 | OK | |
r-patched-linux-x86_64 | 1.7.3 | 1.55 | 30.38 | 31.93 | NOTE | |
r-patched-solaris-x86 | 1.7.3 | 80.60 | OK | |||
r-release-linux-x86_64 | 1.7.3 | 1.70 | 30.22 | 31.92 | NOTE | |
r-release-windows-ix86+x86_64 | 1.7.3 | 8.00 | 78.00 | 86.00 | OK | |
r-release-osx-x86_64 | 1.7.3 | OK | ||||
r-oldrel-windows-ix86+x86_64 | 1.7.3 | 7.00 | 69.00 | 76.00 | OK | |
r-oldrel-osx-x86_64 | 1.7.3 | OK |
Version: 1.7.3
Check: compiled code
Result: NOTE
File ‘locits/libs/locits.so’:
Found no calls to: ‘R_registerRoutines’, ‘R_useDynamicSymbols’
It is good practice to register native routines and to disable symbol
search.
See ‘Writing portable packages’ in the ‘Writing R Extensions’ manual.
Flavors: r-devel-linux-x86_64-debian-clang, r-devel-linux-x86_64-debian-gcc, r-devel-linux-x86_64-fedora-clang, r-devel-linux-x86_64-fedora-gcc, r-patched-linux-x86_64, r-release-linux-x86_64