Last updated on 2017-09-26 01:47:25.
Flavor | Version | Tinstall | Tcheck | Ttotal | Status | Flags |
---|---|---|---|---|---|---|
r-devel-linux-x86_64-debian-clang | 1.0.1 | 0.78 | 14.43 | 15.21 | NOTE | |
r-devel-linux-x86_64-debian-gcc | 1.0.1 | 0.70 | 13.83 | 14.54 | NOTE | |
r-devel-linux-x86_64-fedora-clang | 1.0.1 | 22.61 | NOTE | |||
r-devel-linux-x86_64-fedora-gcc | 1.0.1 | 24.69 | NOTE | |||
r-devel-windows-ix86+x86_64 | 1.0.1 | 2.00 | 35.00 | 37.00 | NOTE | |
r-patched-linux-x86_64 | 1.0.1 | 0.66 | 13.89 | 14.55 | NOTE | |
r-patched-solaris-x86 | 1.0.1 | 34.90 | NOTE | |||
r-release-linux-x86_64 | 1.0.1 | 0.70 | 13.77 | 14.47 | NOTE | |
r-release-windows-ix86+x86_64 | 1.0.1 | 3.00 | 31.00 | 34.00 | NOTE | |
r-release-osx-x86_64 | 1.0.1 | NOTE | ||||
r-oldrel-windows-ix86+x86_64 | 1.0.1 | 3.00 | 30.00 | 33.00 | NOTE | |
r-oldrel-osx-x86_64 | 1.0.1 | NOTE |
Version: 1.0.1
Check: R code for possible problems
Result: NOTE
amendColumns: no visible global function definition for ‘setNames’
fillColumns: no visible global function definition for ‘setNames’
Undefined global functions or variables:
setNames
Consider adding
importFrom("stats", "setNames")
to your NAMESPACE file.
Flavors: r-devel-linux-x86_64-debian-clang, r-devel-linux-x86_64-debian-gcc, r-devel-linux-x86_64-fedora-clang, r-devel-linux-x86_64-fedora-gcc, r-devel-windows-ix86+x86_64, r-patched-linux-x86_64, r-patched-solaris-x86, r-release-linux-x86_64, r-release-windows-ix86+x86_64, r-release-osx-x86_64, r-oldrel-windows-ix86+x86_64, r-oldrel-osx-x86_64