CRAN Package Check Results for Package lubridate

Last updated on 2017-09-26 01:47:26.

Flavor Version Tinstall Tcheck Ttotal Status Flags
r-devel-linux-x86_64-debian-clang 1.6.0 3.57 46.55 50.12 NOTE
r-devel-linux-x86_64-debian-gcc 1.6.0 3.44 42.89 46.33 NOTE
r-devel-linux-x86_64-fedora-clang 1.6.0 86.72 NOTE
r-devel-linux-x86_64-fedora-gcc 1.6.0 89.47 NOTE
r-devel-windows-ix86+x86_64 1.6.0 20.00 112.00 132.00 OK
r-patched-linux-x86_64 1.6.0 3.50 43.87 47.37 NOTE
r-patched-solaris-x86 1.6.0 115.00 ERROR
r-release-linux-x86_64 1.6.0 3.60 44.19 47.79 NOTE
r-release-windows-ix86+x86_64 1.6.0 15.00 117.00 132.00 OK
r-release-osx-x86_64 1.6.0 NOTE
r-oldrel-windows-ix86+x86_64 1.6.0 17.00 101.00 118.00 OK
r-oldrel-osx-x86_64 1.6.0 OK

Check Details

Version: 1.6.0
Check: package dependencies
Result: NOTE
    Package which this enhances but not available for checking: ‘its’
Flavors: r-devel-linux-x86_64-debian-clang, r-devel-linux-x86_64-debian-gcc, r-devel-linux-x86_64-fedora-clang, r-devel-linux-x86_64-fedora-gcc, r-patched-linux-x86_64, r-patched-solaris-x86, r-release-linux-x86_64, r-release-osx-x86_64

Version: 1.6.0
Check: compiled code
Result: NOTE
    File ‘lubridate/libs/lubridate.so’:
     Found no calls to: ‘R_registerRoutines’, ‘R_useDynamicSymbols’
    
    It is good practice to register native routines and to disable symbol
    search.
    
    See ‘Writing portable packages’ in the ‘Writing R Extensions’ manual.
Flavors: r-devel-linux-x86_64-debian-clang, r-devel-linux-x86_64-debian-gcc, r-devel-linux-x86_64-fedora-clang, r-devel-linux-x86_64-fedora-gcc, r-patched-linux-x86_64, r-release-linux-x86_64

Version: 1.6.0
Check: tests
Result: ERROR
     Running ‘testthat.R’ [22s/24s]
    Running the tests in ‘tests/testthat.R’ failed.
    Complete output:
     > if (packageVersion("testthat") >= "0.7.1.99") {
     + library(testthat)
     + test_check("lubridate")
     + }
     Loading required package: lubridate
    
     Attaching package: 'lubridate'
    
     The following object is masked from 'package:base':
    
     date
    
     1. Error: interval handles POSIXlt inputs (@test-intervals.R#86) ---------------
     invalid 'tz' value
     1: expect_equal(interval(t1, t2), new("Interval", 18316800, start = as.POSIXct("2007-01-01",
     tz = "UTC"), tzone = "UTC")) at testthat/test-intervals.R:86
     2: compare(object, expected, ...)
     3: interval(t1, t2)
     4: as.POSIXct(start, tz = tzone)
     5: as.POSIXct.POSIXlt(start, tz = tzone)
    
     testthat results ================================================================
     OK: 2152 SKIPPED: 0 FAILED: 1
     1. Error: interval handles POSIXlt inputs (@test-intervals.R#86)
    
     Error: testthat unit tests failed
     Execution halted
Flavor: r-patched-solaris-x86