CRAN Package Check Results for Package machQA

Last updated on 2017-09-26 01:47:26.

Flavor Version Tinstall Tcheck Ttotal Status Flags
r-devel-linux-x86_64-debian-clang 0.1.4 2.10 21.23 23.33 OK
r-devel-linux-x86_64-debian-gcc 0.1.4 2.32 20.19 22.51 OK
r-devel-linux-x86_64-fedora-clang 0.1.4 35.25 NOTE
r-devel-linux-x86_64-fedora-gcc 0.1.4 35.92 NOTE
r-devel-windows-ix86+x86_64 0.1.4 10.00 42.00 52.00 NOTE
r-patched-linux-x86_64 0.1.4 2.10 20.50 22.60 OK
r-patched-solaris-x86 0.1.4 57.60 NOTE
r-release-linux-x86_64 0.1.4 2.10 20.03 22.12 OK
r-release-windows-ix86+x86_64 0.1.4 10.00 44.00 54.00 NOTE
r-release-osx-x86_64 0.1.4 NOTE
r-oldrel-windows-ix86+x86_64 0.1.4 12.00 43.00 55.00 NOTE
r-oldrel-osx-x86_64 0.1.4 NOTE

Check Details

Version: 0.1.4
Check: installed package size
Result: NOTE
     installed size is 12.3Mb
     sub-directories of 1Mb or more:
     TS_files 5.9Mb
     base_files 6.3Mb
Flavors: r-devel-linux-x86_64-fedora-clang, r-devel-linux-x86_64-fedora-gcc, r-devel-windows-ix86+x86_64, r-patched-solaris-x86, r-release-windows-ix86+x86_64, r-release-osx-x86_64, r-oldrel-windows-ix86+x86_64, r-oldrel-osx-x86_64