Last updated on 2017-09-26 01:47:26.
Flavor | Version | Tinstall | Tcheck | Ttotal | Status | Flags |
---|---|---|---|---|---|---|
r-devel-linux-x86_64-debian-clang | 1.3 | 72.66 | 73.67 | 146.32 | OK | |
r-devel-linux-x86_64-debian-gcc | 1.3 | 59.18 | 70.81 | 129.98 | OK | |
r-devel-linux-x86_64-fedora-gcc | 1.3 | 234.78 | NOTE | |||
r-devel-windows-ix86+x86_64 | 1.3 | 292.00 | 246.00 | 538.00 | NOTE | |
r-patched-linux-x86_64 | 1.3 | 56.40 | 72.15 | 128.55 | OK | |
r-release-linux-x86_64 | 1.3 | 56.75 | 68.00 | 124.75 | OK | |
r-release-windows-ix86+x86_64 | 1.3 | 229.00 | 231.00 | 460.00 | NOTE | |
r-release-osx-x86_64 | 1.3 | NOTE | ||||
r-oldrel-windows-ix86+x86_64 | 1.3 | 286.00 | 289.00 | 575.00 | NOTE | |
r-oldrel-osx-x86_64 | 1.3 | NOTE |
Version: 1.3
Check: installed package size
Result: NOTE
installed size is 12.2Mb
sub-directories of 1Mb or more:
doc 6.6Mb
libs 5.4Mb
Flavors: r-devel-linux-x86_64-fedora-gcc, r-devel-windows-ix86+x86_64, r-release-windows-ix86+x86_64, r-release-osx-x86_64, r-oldrel-windows-ix86+x86_64, r-oldrel-osx-x86_64
Version: 1.3
Check: dependencies in R code
Result: NOTE
objc[68494]: Class GNotificationCenterDelegate is implemented in both /Builds/CRAN-QA-Simon/packages/mavericks-x86_64/results/3.3/magick.Rcheck/magick/libs/magick.so and /Builds/CRAN-QA-Simon/packages/mavericks-x86_64/Rlib/3.3/rsvg/libs/rsvg.so. One of the two will be used. Which one is undefined.
Flavor: r-oldrel-osx-x86_64