Last updated on 2017-09-26 01:47:26.
Flavor | Version | Tinstall | Tcheck | Ttotal | Status | Flags |
---|---|---|---|---|---|---|
r-devel-linux-x86_64-debian-clang | 1.0 | 2.66 | 40.34 | 42.99 | OK | |
r-devel-linux-x86_64-debian-gcc | 1.0 | 3.16 | 39.97 | 43.13 | OK | |
r-devel-linux-x86_64-fedora-clang | 1.0 | 91.52 | OK | |||
r-devel-linux-x86_64-fedora-gcc | 1.0 | 48.51 | OK | |||
r-devel-windows-ix86+x86_64 | 1.0 | 6.00 | 73.00 | 79.00 | OK | |
r-patched-linux-x86_64 | 1.0 | 3.12 | 41.18 | 44.30 | OK | |
r-patched-solaris-x86 | 1.0 | 112.00 | OK | |||
r-release-linux-x86_64 | 1.0 | 3.00 | 39.45 | 42.44 | OK | |
r-release-windows-ix86+x86_64 | 1.0 | 8.00 | 76.00 | 84.00 | OK | |
r-release-osx-x86_64 | 1.0 | OK | ||||
r-oldrel-windows-ix86+x86_64 | 1.0 | 7.00 | 67.00 | 74.00 | OK | |
r-oldrel-osx-x86_64 | 1.0 | ERROR |
Version: 1.0
Check: whether package can be installed
Result: ERROR
Installation failed.
Flavor: r-oldrel-osx-x86_64