Last updated on 2017-09-26 01:47:26.
Flavor | Version | Tinstall | Tcheck | Ttotal | Status | Flags |
---|---|---|---|---|---|---|
r-devel-linux-x86_64-debian-clang | 1.5 | 0.82 | 28.93 | 29.75 | NOTE | |
r-devel-linux-x86_64-debian-gcc | 1.5 | 0.95 | 28.52 | 29.46 | NOTE | |
r-devel-linux-x86_64-fedora-clang | 1.5 | 51.03 | NOTE | |||
r-devel-linux-x86_64-fedora-gcc | 1.5 | 54.69 | NOTE | |||
r-devel-windows-ix86+x86_64 | 1.5 | 5.00 | 55.00 | 60.00 | NOTE | |
r-patched-linux-x86_64 | 1.5 | 0.87 | 29.37 | 30.24 | NOTE | |
r-patched-solaris-x86 | 1.5 | 60.50 | NOTE | |||
r-release-linux-x86_64 | 1.5 | 0.86 | 28.42 | 29.28 | NOTE | |
r-release-windows-ix86+x86_64 | 1.5 | 3.00 | 52.00 | 55.00 | NOTE | |
r-release-osx-x86_64 | 1.5 | NOTE | ||||
r-oldrel-windows-ix86+x86_64 | 1.5 | 4.00 | 67.00 | 71.00 | NOTE | |
r-oldrel-osx-x86_64 | 1.5 | NOTE |
Version: 1.5
Check: R code for possible problems
Result: NOTE
add.pie: no visible global function definition for ‘as.graphicsAnnot’
add.pie: no visible global function definition for ‘par’
add.pie: no visible global function definition for ‘polygon’
add.pie: no visible global function definition for ‘text’
barplot2D: no visible global function definition for ‘plot.new’
barplot2D: no visible global function definition for ‘plot.window’
barplot2D: no visible global function definition for ‘axis’
barplot2D: no visible global function definition for ‘polygon’
barplot2D: no visible global function definition for ‘rect’
basemap: no visible global function definition for ‘plot’
basemap: no visible global function definition for ‘rect’
basemap: no visible global function definition for ‘par’
draw.bubble: no visible global function definition for ‘par’
draw.bubble: no visible global function definition for ‘points’
draw.grid: no visible global function definition for ‘colorRampPalette’
draw.grid: no visible global function definition for ‘image’
draw.grid: no visible global function definition for ‘box’
draw.rect: no visible global function definition for ‘axis’
draw.rect: no visible global function definition for ‘abline’
draw.shape: no visible global function definition for ‘points’
draw.shape : <anonymous>: no visible global function definition for
‘polygon’
draw.shape : <anonymous>: no visible global function definition for
‘lines’
draw.shape: no visible global function definition for ‘box’
draw.xy: no visible global function definition for ‘rect’
draw.xy: no visible global function definition for ‘segments’
draw.xy: no visible global function definition for ‘points’
get.asp: no visible global function definition for ‘par’
legend.box: no visible global function definition for ‘par’
legend.bubble: no visible global function definition for ‘par’
legend.bubble: no visible global function definition for ‘rect’
legend.bubble: no visible global function definition for ‘points’
legend.bubble: no visible global function definition for ‘text’
legend.grid: no visible global function definition for
‘colorRampPalette’
legend.pie: no visible global function definition for ‘rect’
progressMsg: no visible global function definition for ‘flush.console’
write.grid: no visible global function definition for ‘na.omit’
write.grid: no visible global function definition for ‘write.table’
write.grid: no visible global function definition for ‘write.csv’
Undefined global functions or variables:
abline as.graphicsAnnot axis box colorRampPalette flush.console image
lines na.omit par plot plot.new plot.window points polygon rect
segments text write.csv write.table
Consider adding
importFrom("grDevices", "as.graphicsAnnot", "colorRampPalette")
importFrom("graphics", "abline", "axis", "box", "image", "lines",
"par", "plot", "plot.new", "plot.window", "points",
"polygon", "rect", "segments", "text")
importFrom("stats", "na.omit")
importFrom("utils", "flush.console", "write.csv", "write.table")
to your NAMESPACE file.
Flavors: r-devel-linux-x86_64-debian-clang, r-devel-linux-x86_64-debian-gcc, r-devel-linux-x86_64-fedora-clang, r-devel-linux-x86_64-fedora-gcc, r-devel-windows-ix86+x86_64, r-patched-linux-x86_64, r-patched-solaris-x86, r-release-linux-x86_64, r-release-windows-ix86+x86_64, r-release-osx-x86_64, r-oldrel-windows-ix86+x86_64, r-oldrel-osx-x86_64