CRAN Package Check Results for Package meboot

Last updated on 2017-09-26 01:47:26.

Flavor Version Tinstall Tcheck Ttotal Status Flags
r-devel-linux-x86_64-debian-clang 1.4-7 3.89 46.63 50.52 NOTE
r-devel-linux-x86_64-debian-gcc 1.4-7 4.25 44.51 48.76 NOTE
r-devel-linux-x86_64-fedora-clang 1.4-7 108.64 NOTE
r-devel-linux-x86_64-fedora-gcc 1.4-7 114.28 NOTE
r-devel-windows-ix86+x86_64 1.4-7 12.00 103.00 115.00 OK
r-patched-linux-x86_64 1.4-7 3.91 45.56 49.47 NOTE
r-patched-solaris-x86 1.4-7 151.50 OK
r-release-linux-x86_64 1.4-7 3.97 46.21 50.18 NOTE
r-release-windows-ix86+x86_64 1.4-7 15.00 94.00 109.00 OK
r-release-osx-x86_64 1.4-7 OK
r-oldrel-windows-ix86+x86_64 1.4-7 13.00 99.00 112.00 OK
r-oldrel-osx-x86_64 1.4-7 OK

Check Details

Version: 1.4-7
Check: compiled code
Result: NOTE
    File ‘meboot/libs/meboot.so’:
     Found no calls to: ‘R_registerRoutines’, ‘R_useDynamicSymbols’
    
    It is good practice to register native routines and to disable symbol
    search.
    
    See ‘Writing portable packages’ in the ‘Writing R Extensions’ manual.
Flavors: r-devel-linux-x86_64-debian-clang, r-devel-linux-x86_64-debian-gcc, r-devel-linux-x86_64-fedora-clang, r-devel-linux-x86_64-fedora-gcc, r-patched-linux-x86_64, r-release-linux-x86_64