Last updated on 2017-09-26 01:47:26.
Flavor | Version | Tinstall | Tcheck | Ttotal | Status | Flags |
---|---|---|---|---|---|---|
r-devel-linux-x86_64-debian-clang | 2.5 | 0.96 | 15.25 | 16.21 | OK | |
r-devel-linux-x86_64-debian-gcc | 2.5 | 0.92 | 14.71 | 15.63 | OK | |
r-devel-linux-x86_64-fedora-clang | 2.5 | 27.48 | NOTE | |||
r-devel-linux-x86_64-fedora-gcc | 2.5 | 16.85 | NOTE | |||
r-devel-windows-ix86+x86_64 | 2.5 | 4.00 | 34.00 | 38.00 | OK | |
r-patched-linux-x86_64 | 2.5 | 0.91 | 14.95 | 15.86 | OK | |
r-patched-solaris-x86 | 2.5 | 35.40 | NOTE | |||
r-release-linux-x86_64 | 2.5 | 1.04 | 14.95 | 15.98 | OK | |
r-release-windows-ix86+x86_64 | 2.5 | 4.00 | 33.00 | 37.00 | OK | |
r-release-osx-x86_64 | 2.5 | NOTE | ||||
r-oldrel-osx-x86_64 | 2.5 | ERROR |
Version: 2.5
Check: package dependencies
Result: NOTE
Package suggested but not available for checking: ‘magick’
Flavors: r-devel-linux-x86_64-fedora-clang, r-patched-solaris-x86
Version: 2.5
Check: dependencies in R code
Result: NOTE
Namespaces in Imports field not imported from:
‘DT’ ‘RColorBrewer’ ‘RODBC’ ‘formattable’ ‘ggplot2’ ‘ggthemes’ ‘mem’
‘openxlsx’ ‘plotly’ ‘readxl’ ‘reshape2’ ‘shinyBS’ ‘shinydashboard’
‘shinyjs’ ‘shinythemes’ ‘stringi’ ‘stringr’
All declared Imports should be used.
Flavors: r-devel-linux-x86_64-fedora-clang, r-devel-linux-x86_64-fedora-gcc, r-patched-solaris-x86, r-release-osx-x86_64
Version: 2.5
Check: package dependencies
Result: ERROR
Package required but not available: ‘RODBC’
Package required and available but unsuitable version: ‘mem’
See section ‘The DESCRIPTION file’ in the ‘Writing R Extensions’
manual.
Flavor: r-oldrel-osx-x86_64