CRAN Package Check Results for Package modelObj

Last updated on 2017-09-26 01:47:28.

Flavor Version Tinstall Tcheck Ttotal Status Flags
r-devel-linux-x86_64-debian-clang 3.0 1.08 18.47 19.55 OK
r-devel-linux-x86_64-debian-gcc 3.0 1.15 18.23 19.38 OK
r-devel-linux-x86_64-fedora-clang 3.0 33.23 OK
r-devel-linux-x86_64-fedora-gcc 3.0 31.98 OK
r-devel-windows-ix86+x86_64 3.0 7.00 42.00 49.00 OK
r-patched-linux-x86_64 3.0 1.10 18.42 19.52 OK
r-patched-solaris-x86 3.0 51.50 OK
r-release-linux-x86_64 3.0 1.15 18.56 19.71 OK
r-release-windows-ix86+x86_64 3.0 4.00 41.00 45.00 OK
r-release-osx-x86_64 3.0 NOTE
r-oldrel-windows-ix86+x86_64 3.0 4.00 46.00 50.00 OK
r-oldrel-osx-x86_64 3.0 OK

Check Details

Version: 3.0
Check: re-building of vignette outputs
Result: NOTE
    Error in re-building vignettes:
     ...
    Error in texi2dvi(file = file, pdf = TRUE, clean = clean, quiet = quiet, :
     Running 'texi2dvi' on 'modelObj.tex' failed.
    LaTeX errors:
    ! LaTeX Error: File `utf8x.def' not found.
    
    Type X to quit or <RETURN> to proceed,
    or enter new name. (Default extension: def)
    
    ! Emergency stop.
    <read *>
    
    l.158 \endinput
     ^^M
    ! ==> Fatal error occurred, no output PDF file produced!
    Calls: buildVignettes -> texi2pdf -> texi2dvi
    Execution halted
Flavor: r-release-osx-x86_64