CRAN Package Check Results for Package musicNMR

Last updated on 2017-09-26 01:47:28.

Flavor Version Tinstall Tcheck Ttotal Status Flags
r-devel-linux-x86_64-debian-clang 0.0.2 1.37 19.53 20.90 NOTE
r-devel-linux-x86_64-debian-gcc 0.0.2 1.21 18.95 20.16 NOTE
r-devel-linux-x86_64-fedora-clang 0.0.2 36.03 NOTE
r-devel-linux-x86_64-fedora-gcc 0.0.2 35.68 NOTE
r-devel-windows-ix86+x86_64 0.0.2 4.00 42.00 46.00 NOTE
r-patched-linux-x86_64 0.0.2 1.25 19.34 20.59 NOTE
r-patched-solaris-x86 0.0.2 54.30 NOTE
r-release-linux-x86_64 0.0.2 1.52 19.25 20.77 NOTE
r-release-windows-ix86+x86_64 0.0.2 4.00 37.00 41.00 NOTE
r-release-osx-x86_64 0.0.2 ERROR
r-oldrel-windows-ix86+x86_64 0.0.2 4.00 39.00 43.00 NOTE
r-oldrel-osx-x86_64 0.0.2 NOTE

Check Details

Version: 0.0.2
Check: R code for possible problems
Result: NOTE
    plotFID: no visible global function definition for ‘plot’
    plotFID: no visible global function definition for ‘points’
    Undefined global functions or variables:
     plot points
    Consider adding
     importFrom("graphics", "plot", "points")
    to your NAMESPACE file.
Flavors: r-devel-linux-x86_64-debian-clang, r-devel-linux-x86_64-debian-gcc, r-devel-linux-x86_64-fedora-clang, r-devel-linux-x86_64-fedora-gcc, r-devel-windows-ix86+x86_64, r-patched-linux-x86_64, r-patched-solaris-x86, r-release-linux-x86_64, r-release-windows-ix86+x86_64, r-oldrel-windows-ix86+x86_64, r-oldrel-osx-x86_64

Version: 0.0.2
Check: package dependencies
Result: ERROR
    Package required but not available: ‘seewave’
    
    See section ‘The DESCRIPTION file’ in the ‘Writing R Extensions’
    manual.
Flavor: r-release-osx-x86_64