CRAN Package Check Results for Package mvdalab

Last updated on 2017-09-26 01:47:29.

Flavor Version Tinstall Tcheck Ttotal Status Flags
r-devel-linux-x86_64-debian-clang 1.2 4.92 174.54 179.46 ERROR
r-devel-linux-x86_64-debian-gcc 1.2 4.63 172.17 176.80 ERROR
r-devel-linux-x86_64-fedora-clang 1.2 184.12 ERROR
r-devel-linux-x86_64-fedora-gcc 1.2 185.44 ERROR
r-devel-windows-ix86+x86_64 1.2 16.00 340.00 356.00 ERROR
r-patched-linux-x86_64 1.2 4.76 191.38 196.14 OK
r-patched-solaris-x86 1.2 813.40 OK
r-release-linux-x86_64 1.2 4.62 193.37 197.99 OK
r-release-windows-ix86+x86_64 1.2 13.00 380.00 393.00 OK
r-release-osx-x86_64 1.2 OK
r-oldrel-windows-ix86+x86_64 1.2 14.00 304.00 318.00 OK
r-oldrel-osx-x86_64 1.2 OK

Check Details

Version: 1.2
Check: examples
Result: ERROR
    Running examples in ‘mvdalab-Ex.R’ failed
    The error most likely occurred in:
    
    > base::assign(".ptime", proc.time(), pos = "CheckExEnv")
    > ### Name: vip
    > ### Title: Variable Importance in the Projection
    > ### Aliases: vip vip.boots print.vip
    >
    > ### ** Examples
    >
    > data(Penta)
    > ## Number of bootstraps set to 300 to demonstrate flexibility
    > ## Use a minimum of 1000 (default) for results that support bootstraping
    > mod1 <- plsFit(log.RAI ~., scale = TRUE, data = Penta[, -1],
    + ncomp = 2, validation = "oob", boots = 300)
    > vip(mod1, ncomp = 2, conf = .95)
    Error in FUN(x, aperm(array(STATS, dims[perm]), order(perm)), ...) :
     non-numeric argument to binary operator
    Calls: vip -> <Anonymous> -> structure -> lapply -> FUN -> sweep
    Execution halted
Flavors: r-devel-linux-x86_64-debian-clang, r-devel-linux-x86_64-debian-gcc

Version: 1.2
Check: examples
Result: ERROR
    Running examples in ‘mvdalab-Ex.R’ failed
    The error most likely occurred in:
    
    > ### Name: vip
    > ### Title: Variable Importance in the Projection
    > ### Aliases: vip vip.boots print.vip
    >
    > ### ** Examples
    >
    > data(Penta)
    > ## Number of bootstraps set to 300 to demonstrate flexibility
    > ## Use a minimum of 1000 (default) for results that support bootstraping
    > mod1 <- plsFit(log.RAI ~., scale = TRUE, data = Penta[, -1],
    + ncomp = 2, validation = "oob", boots = 300)
    > vip(mod1, ncomp = 2, conf = .95)
    Error in FUN(x, aperm(array(STATS, dims[perm]), order(perm)), ...) :
     non-numeric argument to binary operator
    Calls: vip -> <Anonymous> -> structure -> lapply -> FUN -> sweep
    Execution halted
Flavors: r-devel-linux-x86_64-fedora-clang, r-devel-linux-x86_64-fedora-gcc, r-devel-windows-ix86+x86_64