Last updated on 2017-09-26 01:47:29.
Flavor | Version | Tinstall | Tcheck | Ttotal | Status | Flags |
---|---|---|---|---|---|---|
r-devel-linux-x86_64-debian-clang | 0.4.7 | 45.39 | 22.10 | 67.49 | OK | |
r-devel-linux-x86_64-debian-gcc | 0.4.7 | 33.47 | 22.02 | 55.49 | OK | |
r-devel-linux-x86_64-fedora-clang | 0.4.7 | 108.81 | NOTE | |||
r-devel-linux-x86_64-fedora-gcc | 0.4.7 | 99.16 | NOTE | |||
r-devel-windows-ix86+x86_64 | 0.4.7 | 97.00 | 58.00 | 155.00 | OK | |
r-patched-linux-x86_64 | 0.4.7 | 32.93 | 22.13 | 55.06 | OK | |
r-patched-solaris-x86 | 0.4.7 | 113.80 | OK | |||
r-release-linux-x86_64 | 0.4.7 | 33.06 | 22.15 | 55.21 | OK | |
r-release-windows-ix86+x86_64 | 0.4.7 | 91.00 | 83.00 | 174.00 | OK | |
r-release-osx-x86_64 | 0.4.7 | NOTE | ||||
r-oldrel-windows-ix86+x86_64 | 0.4.7 | 134.00 | 54.00 | 188.00 | OK | |
r-oldrel-osx-x86_64 | 0.4.7 | NOTE |
Version: 0.4.7
Check: installed package size
Result: NOTE
installed size is 8.5Mb
sub-directories of 1Mb or more:
libs 8.4Mb
Flavors: r-devel-linux-x86_64-fedora-clang, r-devel-linux-x86_64-fedora-gcc, r-release-osx-x86_64, r-oldrel-osx-x86_64