Last updated on 2017-09-26 01:47:29.
Flavor | Version | Tinstall | Tcheck | Ttotal | Status | Flags |
---|---|---|---|---|---|---|
r-devel-linux-x86_64-debian-clang | 1.1.0 | 8.43 | 162.45 | 170.88 | OK | |
r-devel-linux-x86_64-debian-gcc | 1.1.0 | 8.30 | 163.00 | 171.30 | OK | |
r-devel-linux-x86_64-fedora-clang | 1.1.0 | 342.43 | OK | |||
r-devel-linux-x86_64-fedora-gcc | 1.1.0 | 345.07 | OK | |||
r-devel-windows-ix86+x86_64 | 1.1.0 | 23.00 | 252.00 | 275.00 | OK | |
r-patched-linux-x86_64 | 1.1.0 | 8.78 | 165.11 | 173.89 | OK | |
r-patched-solaris-x86 | 1.1.0 | 398.20 | WARN | |||
r-release-linux-x86_64 | 1.1.0 | 8.37 | 164.96 | 173.33 | OK | |
r-release-windows-ix86+x86_64 | 1.1.0 | 24.00 | 250.00 | 274.00 | OK | |
r-release-osx-x86_64 | 1.1.0 | ERROR | ||||
r-oldrel-windows-ix86+x86_64 | 1.1.0 | 26.00 | 261.00 | 287.00 | OK | |
r-oldrel-osx-x86_64 | 1.1.0 | ERROR |
Version: 1.1.0
Check: re-building of vignette outputs
Result: WARN
Error in re-building vignettes:
...
Warning in engine$weave(file, quiet = quiet, encoding = enc) :
Pandoc (>= 1.12.3) and/or pandoc-citeproc not available. Falling back to R Markdown v1.
Quitting from lines 112-115 (using-nauf.Rmd)
Error: processing vignette 'using-nauf.Rmd' failed with diagnostics:
'a' must be a numeric matrix
Execution halted
Flavor: r-patched-solaris-x86
Version: 1.1.0
Check: package dependencies
Result: ERROR
Package required and available but unsuitable version: ‘rstanarm’
See section ‘The DESCRIPTION file’ in the ‘Writing R Extensions’
manual.
Flavor: r-release-osx-x86_64
Version: 1.1.0
Check: package dependencies
Result: ERROR
Package required but not available: ‘standardize’
See section ‘The DESCRIPTION file’ in the ‘Writing R Extensions’
manual.
Flavor: r-oldrel-osx-x86_64