CRAN Package Check Results for Package nimble

Last updated on 2017-09-26 01:47:29.

Flavor Version Tinstall Tcheck Ttotal Status Flags
r-devel-linux-x86_64-debian-clang 0.6-6 84.18 106.09 190.27 OK
r-devel-linux-x86_64-debian-gcc 0.6-6 73.35 106.32 179.66 OK
r-devel-linux-x86_64-fedora-clang 0.6-6 330.57 NOTE
r-devel-linux-x86_64-fedora-gcc 0.6-6 317.47 NOTE
r-devel-windows-ix86+x86_64 0.6-6 192.00 163.00 355.00 NOTE
r-patched-linux-x86_64 0.6-6 78.47 107.14 185.61 OK
r-patched-solaris-x86 0.6-6 346.70 NOTE
r-release-linux-x86_64 0.6-6 72.71 108.50 181.21 OK
r-release-windows-ix86+x86_64 0.6-6 193.00 160.00 353.00 NOTE
r-release-osx-x86_64 0.6-6 NOTE
r-oldrel-windows-ix86+x86_64 0.6-6 210.00 164.00 374.00 NOTE
r-oldrel-osx-x86_64 0.6-6 NOTE

Additional issues

rchk

Check Details

Version: 0.6-6
Check: installed package size
Result: NOTE
     installed size is 24.7Mb
     sub-directories of 1Mb or more:
     CppCode 12.8Mb
     R 3.2Mb
     classic-bugs 1.6Mb
     include 5.6Mb
Flavors: r-devel-linux-x86_64-fedora-clang, r-devel-linux-x86_64-fedora-gcc, r-devel-windows-ix86+x86_64, r-patched-solaris-x86, r-release-windows-ix86+x86_64, r-release-osx-x86_64, r-oldrel-windows-ix86+x86_64, r-oldrel-osx-x86_64