CRAN Package Check Results for Package odbc

Last updated on 2017-09-26 01:47:30.

Flavor Version Tinstall Tcheck Ttotal Status Flags
r-devel-linux-x86_64-debian-clang 1.1.1 58.35 23.24 81.59 OK
r-devel-linux-x86_64-debian-gcc 1.1.1 46.19 22.92 69.12 OK
r-devel-linux-x86_64-fedora-clang 1.1.1 136.24 NOTE
r-devel-linux-x86_64-fedora-gcc 1.1.1 128.76 NOTE
r-devel-windows-ix86+x86_64 1.1.1 153.00 69.00 222.00 OK
r-patched-linux-x86_64 1.1.1 45.03 23.59 68.62 OK
r-patched-solaris-x86 1.1.1 133.40 OK
r-release-linux-x86_64 1.1.1 45.33 23.18 68.51 OK
r-release-windows-ix86+x86_64 1.1.1 158.00 75.00 233.00 OK
r-release-osx-x86_64 1.1.1 NOTE
r-oldrel-windows-ix86+x86_64 1.1.1 206.00 64.00 270.00 OK
r-oldrel-osx-x86_64 1.1.1 NOTE

Check Details

Version: 1.1.1
Check: installed package size
Result: NOTE
     installed size is 5.7Mb
     sub-directories of 1Mb or more:
     libs 5.4Mb
Flavors: r-devel-linux-x86_64-fedora-clang, r-devel-linux-x86_64-fedora-gcc, r-release-osx-x86_64, r-oldrel-osx-x86_64