CRAN Package Check Results for Package osmdata

Last updated on 2017-09-26 01:47:30.

Flavor Version Tinstall Tcheck Ttotal Status Flags
r-devel-linux-x86_64-debian-clang 0.0.5 49.42 36.87 86.28 OK
r-devel-linux-x86_64-debian-gcc 0.0.5 39.39 36.48 75.88 OK
r-devel-linux-x86_64-fedora-clang 0.0.5 146.64 NOTE
r-devel-linux-x86_64-fedora-gcc 0.0.5 142.56 NOTE
r-devel-windows-ix86+x86_64 0.0.5 103.00 96.00 199.00 OK
r-patched-linux-x86_64 0.0.5 40.25 37.75 78.00 OK
r-patched-solaris-x86 0.0.5 153.30 OK
r-release-linux-x86_64 0.0.5 38.75 37.50 76.25 OK
r-release-windows-ix86+x86_64 0.0.5 102.00 91.00 193.00 OK
r-release-osx-x86_64 0.0.5 NOTE
r-oldrel-windows-ix86+x86_64 0.0.5 146.00 87.00 233.00 OK
r-oldrel-osx-x86_64 0.0.5 NOTE

Check Details

Version: 0.0.5
Check: installed package size
Result: NOTE
     installed size is 7.8Mb
     sub-directories of 1Mb or more:
     doc 2.8Mb
     libs 4.8Mb
Flavors: r-devel-linux-x86_64-fedora-clang, r-devel-linux-x86_64-fedora-gcc, r-release-osx-x86_64, r-oldrel-osx-x86_64