Last updated on 2017-09-26 01:47:30.
Flavor | Version | Tinstall | Tcheck | Ttotal | Status | Flags |
---|---|---|---|---|---|---|
r-devel-linux-x86_64-debian-clang | 0.6.1 | 17.64 | 53.06 | 70.70 | OK | |
r-devel-linux-x86_64-debian-gcc | 0.6.1 | 14.66 | 53.96 | 68.62 | OK | |
r-devel-linux-x86_64-fedora-clang | 0.6.1 | 129.59 | OK | |||
r-devel-linux-x86_64-fedora-gcc | 0.6.1 | 126.17 | OK | |||
r-devel-windows-ix86+x86_64 | 0.6.1 | 69.00 | 110.00 | 179.00 | OK | |
r-patched-linux-x86_64 | 0.6.1 | 14.53 | 52.97 | 67.51 | OK | |
r-patched-solaris-x86 | 0.6.1 | 150.10 | NOTE | |||
r-release-linux-x86_64 | 0.6.1 | 14.31 | 53.22 | 67.53 | OK | |
r-release-windows-ix86+x86_64 | 0.6.1 | 48.00 | 112.00 | 160.00 | OK | |
r-release-osx-x86_64 | 0.6.1 | OK | ||||
r-oldrel-windows-ix86+x86_64 | 0.6.1 | 67.00 | 101.00 | 168.00 | OK | |
r-oldrel-osx-x86_64 | 0.6.1 | OK |
Version: 0.6.1
Check: package dependencies
Result: NOTE
Package suggested but not available for checking: ‘microbenchmark’
Flavor: r-patched-solaris-x86