CRAN Package Check Results for Package pandocfilters

Last updated on 2017-09-26 01:47:30.

Flavor Version Tinstall Tcheck Ttotal Status Flags
r-devel-linux-x86_64-debian-clang 0.1-1 1.05 13.64 14.70 OK
r-devel-linux-x86_64-debian-gcc 0.1-1 1.04 13.17 14.21 OK
r-devel-linux-x86_64-fedora-clang 0.1-1 23.97 OK
r-devel-linux-x86_64-fedora-gcc 0.1-1 22.89 OK
r-devel-windows-ix86+x86_64 0.1-1 5.00 32.00 37.00 OK
r-patched-linux-x86_64 0.1-1 1.23 13.30 14.53 OK
r-patched-solaris-x86 0.1-1 31.60 NOTE
r-release-linux-x86_64 0.1-1 1.18 13.11 14.29 OK
r-release-windows-ix86+x86_64 0.1-1 7.00 31.00 38.00 OK
r-release-osx-x86_64 0.1-1 NOTE
r-oldrel-windows-ix86+x86_64 0.1-1 4.00 33.00 37.00 OK
r-oldrel-osx-x86_64 0.1-1 NOTE

Check Details

Version: 0.1-1
Check: R code for possible problems
Result: NOTE
    
    
    Info message:
    Couldn't find 'pandoc'!
    Pandoc version is set to '1.16', use `set_pandoc_version` to change the settings if necessary.
Flavors: r-patched-solaris-x86, r-release-osx-x86_64, r-oldrel-osx-x86_64