CRAN Package Check Results for Package papeR

Last updated on 2017-09-26 01:47:30.

Flavor Version Tinstall Tcheck Ttotal Status Flags
r-devel-linux-x86_64-debian-clang 1.0-2 3.59 69.38 72.97 OK
r-devel-linux-x86_64-debian-gcc 1.0-2 3.84 67.63 71.47 OK
r-devel-linux-x86_64-fedora-clang 1.0-2 161.88 OK
r-devel-linux-x86_64-fedora-gcc 1.0-2 162.23 OK
r-devel-windows-ix86+x86_64 1.0-2 10.00 112.00 122.00 OK
r-patched-linux-x86_64 1.0-2 3.66 69.29 72.95 OK
r-patched-solaris-x86 1.0-2 204.40 OK
r-release-linux-x86_64 1.0-2 3.56 69.39 72.94 OK
r-release-windows-ix86+x86_64 1.0-2 11.00 120.00 131.00 OK
r-release-osx-x86_64 1.0-2 WARN
r-oldrel-windows-ix86+x86_64 1.0-2 11.00 105.00 116.00 OK
r-oldrel-osx-x86_64 1.0-2 OK

Check Details

Version: 1.0-2
Check: re-building of vignette outputs
Result: WARN
    Error in re-building vignettes:
     ...
    Factors are dropped from the summary
    Warning: running command 'kpsewhich framed.sty' had status 1
    Warning in test_latex_pkg("framed", system.file("misc", "framed.sty", package = "knitr")) :
     unable to find LaTeX package 'framed'; will use a copy from knitr
    Factors are dropped from the summary
    Factors are dropped from the summary
    Factors are dropped from the summary
    Factors are dropped from the summary
    Non-factors are dropped from the summary
    Error in texi2dvi(file = file, pdf = TRUE, clean = clean, quiet = quiet, :
     Running 'texi2dvi' on 'papeR_with_latex.tex' failed.
    LaTeX errors:
    ! LaTeX Error: File `capt-of.sty' not found.
    
    Type X to quit or <RETURN> to proceed,
    or enter new name. (Default extension: sty)
    
    ! Emergency stop.
    <read *>
    
    l.55 ^^M
    
    ! ==> Fatal error occurred, no output PDF file produced!
    Calls: buildVignettes -> texi2pdf -> texi2dvi
    Execution halted
Flavor: r-release-osx-x86_64