CRAN Package Check Results for Package parallelDist

Last updated on 2017-09-26 01:47:30.

Flavor Version Tinstall Tcheck Ttotal Status Flags
r-devel-linux-x86_64-debian-clang 0.1.1 46.94 252.45 299.39 OK
r-devel-linux-x86_64-debian-gcc 0.1.1 40.68 247.51 288.19 OK
r-devel-linux-x86_64-fedora-clang 0.1.1 756.24 OK
r-devel-linux-x86_64-fedora-gcc 0.1.1 772.49 NOTE
r-devel-windows-ix86+x86_64 0.1.1 126.00 692.00 818.00 OK
r-patched-linux-x86_64 0.1.1 39.39 221.62 261.01 OK
r-patched-solaris-x86 0.1.1 1266.60 OK
r-release-linux-x86_64 0.1.1 39.64 221.84 261.48 OK
r-release-windows-ix86+x86_64 0.1.1 128.00 600.00 728.00 OK
r-release-osx-x86_64 0.1.1 NOTE
r-oldrel-windows-ix86+x86_64 0.1.1 169.00 664.00 833.00 OK
r-oldrel-osx-x86_64 0.1.1 OK

Additional issues

clang-UBSAN

Check Details

Version: 0.1.1
Check: installed package size
Result: NOTE
     installed size is 5.3Mb
     sub-directories of 1Mb or more:
     libs 5.0Mb
Flavor: r-devel-linux-x86_64-fedora-gcc

Version: 0.1.1
Check: re-building of vignette outputs
Result: NOTE
    Error in re-building vignettes:
     ...
    Loading required package: ggplot2
    Loading required package: highlight
    Error in texi2dvi(file = file, pdf = TRUE, clean = clean, quiet = quiet, :
     Running 'texi2dvi' on 'parallelDist.tex' failed.
    LaTeX errors:
    ! LaTeX Error: File `vmargin.sty' not found.
    
    Type X to quit or <RETURN> to proceed,
    or enter new name. (Default extension: sty)
    
    ! Emergency stop.
    <read *>
    
    l.383 \setmargrb
     {0.75in}{0.75in}{0.75in}{0.75in}^^M
    ! ==> Fatal error occurred, no output PDF file produced!
    Calls: buildVignettes -> texi2pdf -> texi2dvi
    Execution halted
Flavor: r-release-osx-x86_64