CRAN Package Check Results for Package parlitools

Last updated on 2017-09-26 01:47:31.

Flavor Version Tinstall Tcheck Ttotal Status Flags
r-devel-linux-x86_64-debian-clang 0.2.0 2.92 354.23 357.14 OK
r-devel-linux-x86_64-debian-gcc 0.2.1 2.88 404.09 406.97 OK
r-devel-linux-x86_64-fedora-clang 0.2.1 638.14 NOTE
r-devel-linux-x86_64-fedora-gcc 0.2.1 327.66 NOTE
r-devel-windows-ix86+x86_64 0.2.1 12.00 481.00 493.00 OK
r-patched-linux-x86_64 0.2.0 2.95 332.69 335.64 OK
r-patched-solaris-x86 0.2.1 84.00 WARN
r-release-linux-x86_64 0.2.1 2.89 348.33 351.22 OK
r-release-windows-ix86+x86_64 0.2.1 15.00 513.00 528.00 OK
r-release-osx-x86_64 0.2.1 WARN
r-oldrel-windows-ix86+x86_64 0.2.1 15.00 833.00 848.00 OK
r-oldrel-osx-x86_64 0.2.1 ERROR

Check Details

Version: 0.2.1
Check: data for non-ASCII characters
Result: NOTE
     Note: found 13 marked UTF-8 strings
Flavors: r-devel-linux-x86_64-fedora-clang, r-devel-linux-x86_64-fedora-gcc, r-patched-solaris-x86, r-release-osx-x86_64

Version: 0.2.1
Check: re-building of vignette outputs
Result: WARN
    Error in re-building vignettes:
     ...
    Warning in engine$weave(file, quiet = quiet, encoding = enc) :
     Pandoc (>= 1.12.3) and/or pandoc-citeproc not available. Falling back to R Markdown v1.
    Warning in engine$weave(file, quiet = quiet, encoding = enc) :
     Pandoc (>= 1.12.3) and/or pandoc-citeproc not available. Falling back to R Markdown v1.
    Warning in engine$weave(file, quiet = quiet, encoding = enc) :
     Pandoc (>= 1.12.3) and/or pandoc-citeproc not available. Falling back to R Markdown v1.
    Warning in engine$weave(file, quiet = quiet, encoding = enc) :
     Pandoc (>= 1.12.3) and/or pandoc-citeproc not available. Falling back to R Markdown v1.
    Linking to GEOS 3.6.1, GDAL 2.2.0, proj.4 4.9.3
    
    Attaching package: 'dplyr'
    
    The following objects are masked from 'package:stats':
    
     filter, lag
    
    The following objects are masked from 'package:base':
    
     intersect, setdiff, setequal, union
    
    Downloading constituency data
    Warning: Column `party_id` joining character vector and factor, coercing into character vector
    PhantomJS not found. You can install it with webshot::install_phantomjs(). If it is installed, please make sure the phantomjs executable can be found via the PATH variable.
    Warning in normalizePath(f2) :
     path[1]="./webshot229c957556d.png": No such file or directory
    Warning in file(con, "rb") :
     cannot open file './webshot229c957556d.png': No such file or directory
    Quitting from lines 67-110 (introduction.Rmd)
    Error: processing vignette 'introduction.Rmd' failed with diagnostics:
    cannot open the connection
    Execution halted
Flavor: r-patched-solaris-x86

Version: 0.2.1
Check: re-building of vignette outputs
Result: WARN
    Error in re-building vignettes:
     ...
    Warning in engine$weave(file, quiet = quiet, encoding = enc) :
     Pandoc (>= 1.12.3) and/or pandoc-citeproc not available. Falling back to R Markdown v1.
    Linking to GEOS 3.6.1, GDAL 2.1.3, proj.4 4.9.3
    
    Attaching package: 'dplyr'
    
    The following objects are masked from 'package:stats':
    
     filter, lag
    
    The following objects are masked from 'package:base':
    
     intersect, setdiff, setequal, union
    
    Downloading constituency data
    Warning: Column `party_id` joining character vector and factor, coercing into character vector
    PhantomJS not found. You can install it with webshot::install_phantomjs(). If it is installed, please make sure the phantomjs executable can be found via the PATH variable.
    Warning in normalizePath(f2) :
     path[1]="./webshotff4c700f680.png": No such file or directory
    Warning in file(con, "rb") :
     cannot open file './webshotff4c700f680.png': No such file or directory
    Quitting from lines 67-110 (introduction.Rmd)
    Error: processing vignette 'introduction.Rmd' failed with diagnostics:
    cannot open the connection
    Execution halted
Flavor: r-release-osx-x86_64

Version: 0.2.1
Check: whether package can be installed
Result: ERROR
    Installation failed.
Flavor: r-oldrel-osx-x86_64