CRAN Package Check Results for Package pcdpca

Last updated on 2017-09-26 01:47:31.

Flavor Version Tinstall Tcheck Ttotal Status Flags
r-devel-linux-x86_64-debian-clang 0.4 0.62 16.67 17.29 OK
r-devel-linux-x86_64-debian-gcc 0.4 0.59 16.04 16.63 OK
r-devel-linux-x86_64-fedora-clang 0.4 30.74 NOTE
r-devel-linux-x86_64-fedora-gcc 0.4 28.87 NOTE
r-devel-windows-ix86+x86_64 0.4 2.00 34.00 36.00 OK
r-patched-linux-x86_64 0.4 0.71 15.87 16.59 OK
r-patched-solaris-x86 0.4 44.10 NOTE
r-release-linux-x86_64 0.4 0.56 15.76 16.32 OK
r-release-windows-ix86+x86_64 0.4 2.00 35.00 37.00 OK
r-release-osx-x86_64 0.4 NOTE
r-oldrel-windows-ix86+x86_64 0.4 3.00 32.00 35.00 OK
r-oldrel-osx-x86_64 0.4 NOTE

Check Details

Version: 0.4
Check: dependencies in R code
Result: NOTE
    Namespace in Imports field not imported from: ‘fda’
     All declared Imports should be used.
Flavors: r-devel-linux-x86_64-fedora-clang, r-devel-linux-x86_64-fedora-gcc, r-patched-solaris-x86, r-release-osx-x86_64, r-oldrel-osx-x86_64