CRAN Package Check Results for Package pdR

Last updated on 2017-09-26 01:47:31.

Flavor Version Tinstall Tcheck Ttotal Status Flags
r-devel-linux-x86_64-debian-clang 1.5 4.10 60.37 64.48 OK
r-devel-linux-x86_64-debian-gcc 1.5 4.18 59.86 64.04 OK
r-devel-linux-x86_64-fedora-clang 1.5 134.67 NOTE
r-devel-linux-x86_64-fedora-gcc 1.5 133.73 NOTE
r-devel-windows-ix86+x86_64 1.5 14.00 98.00 112.00 OK
r-patched-linux-x86_64 1.5 4.46 60.66 65.12 OK
r-patched-solaris-x86 1.5 183.50 NOTE
r-release-linux-x86_64 1.5 4.11 60.50 64.61 OK
r-release-windows-ix86+x86_64 1.5 14.00 91.00 105.00 OK
r-release-osx-x86_64 1.5 NOTE
r-oldrel-windows-ix86+x86_64 1.5 13.00 96.00 109.00 OK
r-oldrel-osx-x86_64 1.5 NOTE

Check Details

Version: 1.5
Check: dependencies in R code
Result: NOTE
    Namespaces in Imports field not imported from:
     ‘car’ ‘sandwich’
     All declared Imports should be used.
Flavors: r-devel-linux-x86_64-fedora-clang, r-devel-linux-x86_64-fedora-gcc, r-patched-solaris-x86, r-release-osx-x86_64, r-oldrel-osx-x86_64