Last updated on 2017-09-26 01:47:31.
Flavor | Version | Tinstall | Tcheck | Ttotal | Status | Flags |
---|---|---|---|---|---|---|
r-devel-linux-x86_64-debian-clang | 1.0.0 | 0.59 | 32.02 | 32.61 | OK | |
r-devel-linux-x86_64-debian-gcc | 1.0.0 | 0.70 | 31.96 | 32.66 | OK | |
r-devel-linux-x86_64-fedora-clang | 1.0.0 | 54.56 | NOTE | |||
r-devel-linux-x86_64-fedora-gcc | 1.0.0 | 54.00 | NOTE | |||
r-devel-windows-ix86+x86_64 | 1.0.0 | 3.00 | 57.00 | 60.00 | OK | |
r-patched-linux-x86_64 | 1.0.0 | 0.62 | 31.20 | 31.82 | OK | |
r-patched-solaris-x86 | 1.0.0 | 59.70 | NOTE | |||
r-release-linux-x86_64 | 1.0.0 | 2.80 | 31.21 | 34.00 | OK | |
r-release-windows-ix86+x86_64 | 1.0.0 | 3.00 | 51.00 | 54.00 | OK | |
r-release-osx-x86_64 | 1.0.0 | NOTE | ||||
r-oldrel-osx-x86_64 | 1.0.0 | ERROR |
Version: 1.0.0
Check: dependencies in R code
Result: NOTE
Namespaces in Imports field not imported from:
‘MASS’ ‘devtools’ ‘ggplot2’ ‘haven’ ‘tidyverse’
All declared Imports should be used.
Flavors: r-devel-linux-x86_64-fedora-clang, r-devel-linux-x86_64-fedora-gcc, r-patched-solaris-x86, r-release-osx-x86_64
Version: 1.0.0
Check: whether package can be installed
Result: ERROR
Installation failed.
Flavor: r-oldrel-osx-x86_64