CRAN Package Check Results for Package pglm

Last updated on 2017-09-26 01:47:31.

Flavor Version Tinstall Tcheck Ttotal Status Flags
r-devel-linux-x86_64-debian-clang 0.1-2 3.86 52.43 56.29 NOTE
r-devel-linux-x86_64-debian-gcc 0.1-2 3.89 51.20 55.09 NOTE
r-devel-linux-x86_64-fedora-clang 0.1-2 123.02 NOTE
r-devel-linux-x86_64-fedora-gcc 0.1-2 125.00 NOTE
r-devel-windows-ix86+x86_64 0.1-2 11.00 84.00 95.00 NOTE
r-patched-linux-x86_64 0.1-2 4.13 52.85 56.97 NOTE
r-patched-solaris-x86 0.1-2 164.20 NOTE
r-release-linux-x86_64 0.1-2 4.18 52.23 56.42 NOTE
r-release-windows-ix86+x86_64 0.1-2 11.00 99.00 110.00 NOTE
r-release-osx-x86_64 0.1-2 NOTE
r-oldrel-windows-ix86+x86_64 0.1-2 12.00 86.00 98.00 NOTE
r-oldrel-osx-x86_64 0.1-2 NOTE

Check Details

Version: 0.1-2
Check: DESCRIPTION meta-information
Result: NOTE
    Malformed Description field: should contain one or more complete sentences.
Flavors: r-devel-linux-x86_64-debian-clang, r-devel-linux-x86_64-debian-gcc, r-devel-linux-x86_64-fedora-clang, r-devel-linux-x86_64-fedora-gcc, r-devel-windows-ix86+x86_64, r-patched-linux-x86_64, r-patched-solaris-x86, r-release-linux-x86_64, r-release-windows-ix86+x86_64, r-release-osx-x86_64, r-oldrel-windows-ix86+x86_64, r-oldrel-osx-x86_64

Version: 0.1-2
Check: R code for possible problems
Result: NOTE
    lnl.binomial: no visible binding for global variable ‘pnorm’
    lnl.binomial: no visible binding for global variable ‘dnorm’
    lnl.binomial: no visible global function definition for ‘sd’
    lnl.ordinal: no visible binding for global variable ‘pnorm’
    lnl.ordinal: no visible binding for global variable ‘dnorm’
    lnl.ordinal: no visible global function definition for ‘sd’
    lnl.tobit : mills: no visible global function definition for ‘dnorm’
    lnl.tobit : mills: no visible global function definition for ‘pnorm’
    lnl.tobit: no visible global function definition for ‘sd’
    lnl.tobit: no visible global function definition for ‘pnorm’
    lnl.tobit : <anonymous>: no visible global function definition for
     ‘pnorm’
    lnl.tobit : <anonymous>: no visible global function definition for
     ‘dnorm’
    pglm: no visible global function definition for ‘model.matrix’
    pglm: no visible global function definition for ‘model.response’
    starting.values: no visible global function definition for ‘qnorm’
    starting.values: no visible global function definition for ‘coef’
    starting.values: no visible binding for global variable ‘poisson’
    starting.values: no visible global function definition for ‘var’
    starting.values: no visible global function definition for ‘resid’
    starting.values: no visible global function definition for ‘deviance’
    starting.values: no visible global function definition for
     ‘df.residual’
    Undefined global functions or variables:
     coef deviance df.residual dnorm model.matrix model.response pnorm
     poisson qnorm resid sd var
    Consider adding
     importFrom("stats", "coef", "deviance", "df.residual", "dnorm",
     "model.matrix", "model.response", "pnorm", "poisson",
     "qnorm", "resid", "sd", "var")
    to your NAMESPACE file.
Flavors: r-devel-linux-x86_64-debian-clang, r-devel-linux-x86_64-debian-gcc, r-devel-linux-x86_64-fedora-clang, r-devel-linux-x86_64-fedora-gcc, r-devel-windows-ix86+x86_64, r-patched-linux-x86_64, r-patched-solaris-x86, r-release-linux-x86_64, r-release-windows-ix86+x86_64, r-release-osx-x86_64, r-oldrel-windows-ix86+x86_64, r-oldrel-osx-x86_64