CRAN Package Check Results for Package photobiologyInOut

Last updated on 2017-09-26 01:47:31.

Flavor Version Tinstall Tcheck Ttotal Status Flags
r-devel-linux-x86_64-debian-clang 0.4.13 1.43 71.97 73.40 OK
r-devel-linux-x86_64-debian-gcc 0.4.13 1.45 66.52 67.96 OK
r-devel-linux-x86_64-fedora-clang 0.4.13 131.44 OK
r-devel-linux-x86_64-fedora-gcc 0.4.13 129.62 OK
r-devel-windows-ix86+x86_64 0.4.13 6.00 117.00 123.00 OK
r-patched-linux-x86_64 0.4.13 1.52 64.74 66.27 OK
r-patched-solaris-x86 0.4.13 136.90 OK
r-release-linux-x86_64 0.4.13 1.48 65.26 66.74 OK
r-release-windows-ix86+x86_64 0.4.13 5.00 98.00 103.00 OK
r-release-osx-x86_64 0.4.13 WARN
r-oldrel-windows-ix86+x86_64 0.4.13 5.00 105.00 110.00 OK
r-oldrel-osx-x86_64 0.4.13 OK

Check Details

Version: 0.4.13
Check: re-building of vignette outputs
Result: WARN
    Error in re-building vignettes:
     ...
    Read 18 items
    Parsed with column specification:
    cols(
     W = col_double(),
     D = col_double(),
     S = col_double(),
     P = col_double()
    )
    Information from URL : http://maps.googleapis.com/maps/api/geocode/json?address=Vikki,%2000790%20Helsinki,%20Finland&sensor=false
    Error in texi2dvi(file = file, pdf = TRUE, clean = clean, quiet = quiet, :
     Running 'texi2dvi' on 'user-guide.tex' failed.
    LaTeX errors:
    ! LaTeX Error: File `bbding.sty' not found.
    
    Type X to quit or <RETURN> to proceed,
    or enter new name. (Default extension: sty)
    
    ! Emergency stop.
    <read *>
    
    l.66 \usepackage
     {xspace}^^M
    ! ==> Fatal error occurred, no output PDF file produced!
    Calls: buildVignettes -> texi2pdf -> texi2dvi
    Execution halted
Flavor: r-release-osx-x86_64