CRAN Package Check Results for Package pirate

Last updated on 2017-09-26 01:47:32.

Flavor Version Tinstall Tcheck Ttotal Status Flags
r-devel-linux-x86_64-debian-clang 1.0.0 21.04 20.51 41.55 NOTE
r-devel-linux-x86_64-debian-gcc 1.0.0 17.46 20.00 37.46 NOTE
r-devel-linux-x86_64-fedora-clang 1.0.0 73.82 NOTE
r-devel-linux-x86_64-fedora-gcc 1.0.0 69.50 NOTE
r-devel-windows-ix86+x86_64 1.0.0 46.00 67.00 113.00 OK
r-patched-linux-x86_64 1.0.0 17.28 19.99 37.27 NOTE
r-patched-solaris-x86 1.0.0 78.10 OK
r-release-linux-x86_64 1.0.0 17.23 20.56 37.79 NOTE
r-release-windows-ix86+x86_64 1.0.0 47.00 57.00 104.00 OK
r-release-osx-x86_64 1.0.0 OK
r-oldrel-windows-ix86+x86_64 1.0.0 54.00 60.00 114.00 OK
r-oldrel-osx-x86_64 1.0.0 OK

Check Details

Version: 1.0.0
Check: compiled code
Result: NOTE
    File ‘pirate/libs/pirate.so’:
     Found no calls to: ‘R_registerRoutines’, ‘R_useDynamicSymbols’
    
    It is good practice to register native routines and to disable symbol
    search.
    
    See ‘Writing portable packages’ in the ‘Writing R Extensions’ manual.
Flavors: r-devel-linux-x86_64-debian-clang, r-devel-linux-x86_64-debian-gcc, r-devel-linux-x86_64-fedora-clang, r-devel-linux-x86_64-fedora-gcc, r-patched-linux-x86_64, r-release-linux-x86_64